Last updated on 2022-05-23 02:53:41 CEST.
Flavor | Version | Tinstall | Tcheck | Ttotal | Status | Flags |
---|---|---|---|---|---|---|
r-devel-linux-x86_64-debian-clang | 1.1.3 | 147.63 | 55.78 | 203.41 | OK | |
r-devel-linux-x86_64-debian-gcc | 1.1.3 | 120.52 | 42.03 | 162.55 | OK | |
r-devel-linux-x86_64-fedora-clang | 1.1.3 | 306.96 | OK | |||
r-devel-linux-x86_64-fedora-gcc | 1.1.3 | 260.63 | OK | |||
r-devel-windows-x86_64 | 1.1.3 | 118.00 | 95.00 | 213.00 | OK | |
r-patched-linux-x86_64 | 1.1.3 | 130.10 | 54.50 | 184.60 | OK | |
r-release-linux-x86_64 | 1.1.3 | 138.69 | 53.26 | 191.95 | OK | |
r-release-macos-arm64 | 1.1.3 | 61.00 | NOTE | |||
r-release-macos-x86_64 | 1.1.3 | 92.00 | NOTE | |||
r-release-windows-x86_64 | 1.1.3 | 113.00 | 101.00 | 214.00 | OK | |
r-oldrel-macos-arm64 | 1.1.3 | 60.00 | NOTE | |||
r-oldrel-macos-x86_64 | 1.1.3 | 87.00 | NOTE | |||
r-oldrel-windows-ix86+x86_64 | 1.1.3 | 363.00 | 111.00 | 474.00 | OK |
Version: 1.1.3
Check: installed package size
Result: NOTE
installed size is 5.6Mb
sub-directories of 1Mb or more:
libs 5.4Mb
Flavors: r-release-macos-arm64, r-release-macos-x86_64, r-oldrel-macos-arm64, r-oldrel-macos-x86_64