CRAN Package Check Results for Package lqr

Last updated on 2024-02-27 17:49:22 CET.

Flavor Version Tinstall Tcheck Ttotal Status Flags
r-devel-linux-x86_64-debian-clang 5.0 13.90 103.21 117.11 NOTE
r-devel-linux-x86_64-debian-gcc 5.0 12.64 76.01 88.65 NOTE
r-devel-linux-x86_64-fedora-clang 5.0 150.77 NOTE
r-devel-linux-x86_64-fedora-gcc 5.0 140.40 NOTE
r-devel-windows-x86_64 5.0 13.00 92.00 105.00 OK
r-patched-linux-x86_64 5.0 13.83 98.66 112.49 OK
r-release-linux-x86_64 5.0 11.31 102.38 113.69 OK
r-release-macos-arm64 5.0 47.00 OK
r-release-macos-x86_64 5.0 72.00 OK
r-release-windows-x86_64 5.0 16.00 103.00 119.00 OK
r-oldrel-macos-arm64 5.0 39.00 OK
r-oldrel-windows-x86_64 5.0 18.00 114.00 132.00 OK

Check Details

Version: 5.0
Check: Rd files
Result: NOTE checkRd: (-1) SKD.Rd:76: Lost braces; missing escapes or markup? 76 | \author{Christian E. Galarza <\email{cgalarza88@gmail.com}>, {Luis Benites} <\email{lsanchez@ime.usp.br}> and | ^ checkRd: (-1) best.lqr.Rd:66: Lost braces; missing escapes or markup? 66 | \author{Christian E. Galarza <\email{cgalarza88@gmail.com}>, {Luis Benites} <\email{lsanchez@ime.usp.br}> and | ^ checkRd: (-1) cens.lqr.Rd:70: Lost braces; missing escapes or markup? 70 | \author{Christian E. Galarza <\email{chedgala@espol.edu.ec}>, {Marcelo Bourguignon} <\email{m.p.bourguignon@gmail.com}> and | ^ checkRd: (-1) logbestlqr.Rd:86: Lost braces; missing escapes or markup? 86 | \author{Christian E. Galarza <\email{cgalarza88@gmail.com}>, {Luis Benites} <\email{lsanchez@ime.usp.br}> and | ^ checkRd: (-1) loglqr.Rd:98: Lost braces; missing escapes or markup? 98 | \author{Christian E. Galarza <\email{cgalarza88@gmail.com}>, {Luis Benites} <\email{lsanchez@ime.usp.br}> and | ^ checkRd: (-1) lqr-package.Rd:22: Lost braces; missing escapes or markup? 22 | \author{Christian E. Galarza <\email{cgalarza88@gmail.com}>, {Luis Benites} <\email{lsanchez@ime.usp.br}> and | ^ checkRd: (-1) lqr.Rd:83: Lost braces; missing escapes or markup? 83 | \author{Christian E. Galarza <\email{cgalarza88@gmail.com}>, {Luis Benites} <\email{lsanchez@ime.usp.br}> and | ^ Flavors: r-devel-linux-x86_64-debian-clang, r-devel-linux-x86_64-debian-gcc, r-devel-linux-x86_64-fedora-clang, r-devel-linux-x86_64-fedora-gcc