CRAN Package Check Results for Package lsa

Last updated on 2020-07-05 14:48:21 CEST.

Flavor Version Tinstall Tcheck Ttotal Status Flags
r-devel-linux-x86_64-debian-clang 0.73.2 3.62 33.14 36.76 OK
r-devel-linux-x86_64-debian-gcc 0.73.2 2.39 27.23 29.62 OK
r-devel-linux-x86_64-fedora-clang 0.73.2 53.53 NOTE
r-devel-linux-x86_64-fedora-gcc 0.73.2 44.82 NOTE
r-devel-windows-ix86+x86_64 0.73.2 9.00 51.00 60.00 OK
r-patched-linux-x86_64 0.73.2 3.54 33.48 37.02 OK
r-patched-solaris-x86 0.73.2 68.70 NOTE
r-release-linux-x86_64 0.73.2 3.64 33.13 36.77 OK
r-release-osx-x86_64 0.73.2 NOTE
r-release-windows-ix86+x86_64 0.73.2 8.00 44.00 52.00 OK
r-oldrel-osx-x86_64 0.73.2 NOTE
r-oldrel-windows-ix86+x86_64 0.73.2 7.00 74.00 81.00 OK

Check Details

Version: 0.73.2
Check: data for non-ASCII characters
Result: NOTE
     Note: found 143 marked Latin-1 strings
     Note: found 833 marked UTF-8 strings
Flavors: r-devel-linux-x86_64-fedora-clang, r-devel-linux-x86_64-fedora-gcc, r-patched-solaris-x86, r-release-osx-x86_64, r-oldrel-osx-x86_64