CRAN Package Check Results for Package lsbs

Last updated on 2022-12-07 06:53:12 CET.

Flavor Version Tinstall Tcheck Ttotal Status Flags
r-devel-linux-x86_64-debian-clang 0.1 2.08 35.44 37.52 NOTE
r-devel-linux-x86_64-debian-gcc 0.1 1.72 27.36 29.08 NOTE
r-devel-linux-x86_64-fedora-clang 0.1 58.52 NOTE
r-devel-linux-x86_64-fedora-gcc 0.1 58.74 NOTE
r-devel-windows-x86_64 0.1 8.00 67.00 75.00 NOTE
r-patched-linux-x86_64 0.1 2.44 33.87 36.31 NOTE
r-release-linux-x86_64 0.1 2.47 34.86 37.33 NOTE
r-release-macos-arm64 0.1 24.00 NOTE
r-release-macos-x86_64 0.1 27.00 NOTE
r-release-windows-x86_64 0.1 7.00 67.00 74.00 NOTE
r-oldrel-macos-arm64 0.1 25.00 NOTE
r-oldrel-macos-x86_64 0.1 36.00 NOTE
r-oldrel-windows-ix86+x86_64 0.1 6.00 61.00 67.00 NOTE

Check Details

Version: 0.1
Check: LazyData
Result: NOTE
     'LazyData' is specified without a 'data' directory
Flavors: r-devel-linux-x86_64-debian-clang, r-devel-linux-x86_64-debian-gcc, r-devel-linux-x86_64-fedora-clang, r-devel-linux-x86_64-fedora-gcc, r-devel-windows-x86_64, r-patched-linux-x86_64, r-release-linux-x86_64, r-release-macos-arm64, r-release-macos-x86_64, r-release-windows-x86_64, r-oldrel-macos-arm64, r-oldrel-macos-x86_64, r-oldrel-windows-ix86+x86_64

Version: 0.1
Check: dependencies in R code
Result: NOTE
    Namespace in Imports field not imported from: ‘Matrix’
     All declared Imports should be used.
Flavors: r-devel-linux-x86_64-fedora-clang, r-devel-linux-x86_64-fedora-gcc, r-release-macos-arm64, r-release-macos-x86_64, r-oldrel-macos-arm64, r-oldrel-macos-x86_64