CRAN Package Check Results for Package lsdbc

Last updated on 2021-05-10 02:46:56 CEST.

Flavor Version Tinstall Tcheck Ttotal Status Flags
r-devel-linux-x86_64-debian-clang 0.1.0 1.90 21.21 23.11 NOTE
r-devel-linux-x86_64-debian-gcc 0.1.0 1.60 16.89 18.49 NOTE
r-devel-linux-x86_64-fedora-clang 0.1.0 38.84 NOTE
r-devel-linux-x86_64-fedora-gcc 0.1.0 28.50 NOTE
r-devel-windows-ix86+x86_64 0.1.0 5.00 35.00 40.00 NOTE
r-devel-windows-x86_64-gcc10-UCRT 0.1.0 NOTE
r-patched-linux-x86_64 0.1.0 1.97 21.07 23.04 NOTE
r-patched-solaris-x86 0.1.0 42.60 NOTE
r-release-linux-x86_64 0.1.0 1.79 20.88 22.67 OK
r-release-macos-x86_64 0.1.0 OK
r-release-windows-ix86+x86_64 0.1.0 4.00 25.00 29.00 OK
r-oldrel-macos-x86_64 0.1.0 OK
r-oldrel-windows-ix86+x86_64 0.1.0 4.00 31.00 35.00 OK

Check Details

Version: 0.1.0
Check: LazyData
Result: NOTE
     'LazyData' is specified without a 'data' directory
Flavors: r-devel-linux-x86_64-debian-clang, r-devel-linux-x86_64-debian-gcc, r-devel-linux-x86_64-fedora-clang, r-devel-linux-x86_64-fedora-gcc, r-devel-windows-ix86+x86_64, r-devel-windows-x86_64-gcc10-UCRT, r-patched-linux-x86_64, r-patched-solaris-x86