CRAN Package Check Results for Package lsirm12pl

Last updated on 2022-10-02 00:55:12 CEST.

Flavor Version Tinstall Tcheck Ttotal Status Flags
r-devel-linux-x86_64-debian-clang 1.0.1 760.96 286.93 1047.89 OK
r-devel-linux-x86_64-debian-gcc 1.0.1 634.39 208.95 843.34 OK
r-devel-linux-x86_64-fedora-clang 1.0.1 1569.10 OK
r-devel-linux-x86_64-fedora-gcc 1.0.1 1470.65 OK
r-devel-windows-x86_64 1.0.1 575.00 373.00 948.00 OK
r-patched-linux-x86_64 1.0.1 710.37 264.99 975.36 OK
r-release-linux-x86_64 1.0.1 699.95 262.52 962.47 OK
r-release-macos-arm64 1.0.1 318.00 NOTE
r-release-macos-x86_64 1.0.1 417.00 NOTE
r-release-windows-x86_64 1.0.1 556.00 358.00 914.00 OK
r-oldrel-macos-arm64 1.0.1 221.00 NOTE
r-oldrel-macos-x86_64 1.0.1 382.00 NOTE
r-oldrel-windows-ix86+x86_64 1.0.1 1971.00 652.00 2623.00 NOTE

Check Details

Version: 1.0.1
Check: installed package size
Result: NOTE
     installed size is 21.0Mb
     sub-directories of 1Mb or more:
     libs 20.3Mb
Flavors: r-release-macos-arm64, r-release-macos-x86_64, r-oldrel-macos-arm64, r-oldrel-macos-x86_64, r-oldrel-windows-ix86+x86_64