Last updated on 2021-04-15 01:50:27 CEST.
Flavor | Version | Tinstall | Tcheck | Ttotal | Status | Flags |
---|---|---|---|---|---|---|
r-devel-linux-x86_64-debian-clang | 0.6.10 | 164.88 | 89.93 | 254.81 | NOTE | |
r-devel-linux-x86_64-debian-gcc | 0.6.10 | 129.26 | 71.35 | 200.61 | NOTE | |
r-devel-linux-x86_64-fedora-clang | 0.6.10 | 361.10 | NOTE | |||
r-devel-linux-x86_64-fedora-gcc | 0.6.10 | 351.91 | NOTE | |||
r-devel-windows-ix86+x86_64 | 0.6.10 | 349.00 | 5.00 | 354.00 | ERROR | |
r-devel-windows-x86_64-gcc10-UCRT | 0.6.10 | NOTE | ||||
r-patched-linux-x86_64 | 0.6.10 | 147.50 | 89.48 | 236.98 | OK | |
r-patched-solaris-x86 | 0.6.10 | 349.30 | NOTE | |||
r-release-linux-x86_64 | 0.6.10 | 147.77 | 89.84 | 237.61 | OK | |
r-release-macos-x86_64 | 0.6.10 | NOTE | ||||
r-release-windows-ix86+x86_64 | 0.6.10 | 305.00 | 153.00 | 458.00 | NOTE | |
r-oldrel-macos-x86_64 | 0.6.10 | NOTE | ||||
r-oldrel-windows-ix86+x86_64 | 0.6.10 | 222.00 | 100.00 | 322.00 | OK |
Version: 0.6.10
Check: LazyData
Result: NOTE
'LazyData' is specified without a 'data' directory
Flavors: r-devel-linux-x86_64-debian-clang, r-devel-linux-x86_64-debian-gcc, r-devel-linux-x86_64-fedora-clang, r-devel-linux-x86_64-fedora-gcc, r-devel-windows-x86_64-gcc10-UCRT
Version: 0.6.10
Check: installed package size
Result: NOTE
installed size is 49.7Mb
sub-directories of 1Mb or more:
doc 1.6Mb
libs 47.5Mb
Flavors: r-devel-linux-x86_64-fedora-clang, r-release-macos-x86_64, r-release-windows-ix86+x86_64, r-oldrel-macos-x86_64
Version: 0.6.10
Check: dependencies in R code
Result: NOTE
Namespace in Imports field not imported from: ‘lavaan’
All declared Imports should be used.
Flavors: r-devel-linux-x86_64-fedora-clang, r-devel-linux-x86_64-fedora-gcc, r-devel-windows-x86_64-gcc10-UCRT, r-patched-solaris-x86, r-release-macos-x86_64, r-oldrel-macos-x86_64
Version: 0.6.10
Check: whether package can be installed
Result: ERROR
Installation failed.
See
Flavor: r-devel-windows-ix86+x86_64