CRAN Package Check Results for Package ltbayes

Last updated on 2019-11-16 00:51:09 CET.

Flavor Version Tinstall Tcheck Ttotal Status Flags
r-devel-linux-x86_64-debian-clang 0.4 3.62 120.59 124.21 OK
r-devel-linux-x86_64-debian-gcc 0.4 2.82 86.04 88.86 OK
r-devel-linux-x86_64-fedora-clang 0.4 147.53 NOTE
r-devel-linux-x86_64-fedora-gcc 0.4 141.05 NOTE
r-devel-windows-ix86+x86_64 0.4 20.00 186.00 206.00 OK
r-patched-linux-x86_64 0.4 2.83 109.61 112.44 OK
r-patched-solaris-x86 0.4 174.10 OK
r-release-linux-x86_64 0.4 2.97 110.56 113.53 OK
r-release-windows-ix86+x86_64 0.4 16.00 197.00 213.00 OK
r-release-osx-x86_64 0.4 OK
r-oldrel-windows-ix86+x86_64 0.4 14.00 143.00 157.00 OK
r-oldrel-osx-x86_64 0.4 OK

Check Details

Version: 0.4
Check: compiled code
Result: NOTE
    File ‘ltbayes/libs/ltbayes.so’:
     Found no calls to: ‘R_registerRoutines’, ‘R_useDynamicSymbols’
    
    It is good practice to register native routines and to disable symbol
    search.
    
    See ‘Writing portable packages’ in the ‘Writing R Extensions’ manual.
Flavors: r-devel-linux-x86_64-fedora-clang, r-devel-linux-x86_64-fedora-gcc