CRAN Package Check Results for Package ltbayes

Last updated on 2020-05-29 17:49:09 CEST.

Flavor Version Tinstall Tcheck Ttotal Status Flags
r-devel-linux-x86_64-debian-clang 0.4 3.63 132.95 136.58 OK
r-devel-linux-x86_64-debian-gcc 0.4 3.11 96.17 99.28 OK
r-devel-linux-x86_64-fedora-clang 0.4 152.14 NOTE
r-devel-linux-x86_64-fedora-gcc 0.4 151.59 NOTE
r-devel-windows-ix86+x86_64 0.4 18.00 213.00 231.00 OK
r-patched-linux-x86_64 0.4 3.66 127.33 130.99 OK
r-patched-solaris-x86 0.4 194.70 OK
r-release-linux-x86_64 0.4 3.70 127.88 131.58 OK
r-release-osx-x86_64 0.4 OK
r-release-windows-ix86+x86_64 0.4 14.00 254.00 268.00 OK
r-oldrel-osx-x86_64 0.4 OK
r-oldrel-windows-ix86+x86_64 0.4 20.00 147.00 167.00 OK

Check Details

Version: 0.4
Check: compiled code
Result: NOTE
    File ‘ltbayes/libs/ltbayes.so’:
     Found no calls to: ‘R_registerRoutines’, ‘R_useDynamicSymbols’
    
    It is good practice to register native routines and to disable symbol
    search.
    
    See ‘Writing portable packages’ in the ‘Writing R Extensions’ manual.
Flavors: r-devel-linux-x86_64-fedora-clang, r-devel-linux-x86_64-fedora-gcc