CRAN Package Check Results for Package lterpalettefinder

Last updated on 2024-02-25 16:51:45 CET.

Flavor Version Tinstall Tcheck Ttotal Status Flags
r-devel-linux-x86_64-debian-clang 1.1.0 3.10 44.94 48.04 OK
r-devel-linux-x86_64-debian-gcc 1.1.0 2.59 34.99 37.58 OK
r-devel-linux-x86_64-fedora-clang 1.1.0 63.14 NOTE
r-devel-linux-x86_64-fedora-gcc 1.1.0 71.56 NOTE
r-devel-windows-x86_64 1.1.0 4.00 56.00 60.00 OK
r-patched-linux-x86_64 1.1.0 2.37 43.94 46.31 OK
r-release-linux-x86_64 1.1.0 1.94 44.25 46.19 OK
r-release-macos-arm64 1.1.0 32.00 OK
r-release-macos-x86_64 1.1.0 38.00 OK
r-release-windows-x86_64 1.1.0 5.00 63.00 68.00 OK
r-oldrel-macos-arm64 1.1.0 26.00 OK
r-oldrel-windows-x86_64 1.1.0 4.00 67.00 71.00 OK

Check Details

Version: 1.1.0
Check: data for non-ASCII characters
Result: NOTE Note: found 1 marked UTF-8 string Flavors: r-devel-linux-x86_64-fedora-clang, r-devel-linux-x86_64-fedora-gcc