CRAN Package Check Results for Package lvm4net

Last updated on 2019-01-22 05:49:17 CET.

Flavor Version Tinstall Tcheck Ttotal Status Flags
r-devel-linux-x86_64-debian-clang 0.2.1 7.13 85.59 92.72 OK
r-devel-linux-x86_64-debian-gcc 0.2.1 6.23 64.78 71.01 OK
r-devel-linux-x86_64-fedora-clang 0.2.1 106.55 OK
r-devel-linux-x86_64-fedora-gcc 0.2.1 99.38 OK
r-devel-windows-ix86+x86_64 0.2.1 16.00 93.00 109.00 OK
r-patched-linux-x86_64 0.2.1 5.87 77.98 83.85 OK
r-patched-solaris-x86 0.2.1 158.60 OK
r-release-linux-x86_64 0.2.1 7.76 78.31 86.07 OK
r-release-windows-ix86+x86_64 0.2.1 17.00 145.00 162.00 OK
r-release-osx-x86_64 0.2.1 OK
r-oldrel-windows-ix86+x86_64 0.2.1 17.00 90.00 107.00 OK
r-oldrel-osx-x86_64 0.2.1 ERROR

Check Details

Version: 0.2.1
Check: R code for possible problems
Result: NOTE
    goflsm : <anonymous>: no visible global function definition for
     ‘summary_formula’
    goflsm: no visible global function definition for ‘summary_formula’
    Undefined global functions or variables:
     summary_formula
Flavor: r-oldrel-osx-x86_64

Version: 0.2.1
Check: examples
Result: ERROR
    Running examples in ‘lvm4net-Ex.R’ failed
    The error most likely occurred in:
    
    > ### Name: goflsm
    > ### Title: Goodness-of-Fit diagnostics for LSM model
    > ### Aliases: goflsm
    >
    > ### ** Examples
    >
    >
    > Y <- network(15, directed = FALSE)[,]
    >
    > modLSM <- lsm(Y, D = 2)
    > myGof <- goflsm(modLSM, Y = Y)
    Error in summary_formula(y ~ esp(0:(N - 1)), directed = directed) :
     could not find function "summary_formula"
    Calls: goflsm -> sapply -> lapply -> FUN
    Execution halted
Flavor: r-oldrel-osx-x86_64