CRAN Package Check Results for Package lvm4net

Last updated on 2018-10-16 11:48:09 CEST.

Flavor Version Tinstall Tcheck Ttotal Status Flags
r-devel-linux-x86_64-debian-clang 0.2.1 8.17 91.51 99.68 OK
r-devel-linux-x86_64-debian-gcc 0.2.1 7.16 71.48 78.64 OK
r-devel-linux-x86_64-fedora-clang 0.2.1 115.68 OK
r-devel-linux-x86_64-fedora-gcc 0.2.1 112.32 OK
r-devel-windows-ix86+x86_64 0.2.1 19.00 134.00 153.00 OK
r-patched-linux-x86_64 0.2.1 7.24 76.33 83.57 OK
r-patched-solaris-x86 0.2.1 140.50 OK
r-release-linux-x86_64 0.2.1 4.80 76.52 81.32 OK
r-release-windows-ix86+x86_64 0.2.1 19.00 120.00 139.00 OK
r-release-osx-x86_64 0.2.1 OK
r-oldrel-windows-ix86+x86_64 0.2.1 17.00 99.00 116.00 OK
r-oldrel-osx-x86_64 0.2.1 ERROR

Check Details

Version: 0.2.1
Check: R code for possible problems
Result: NOTE
    goflsm : <anonymous>: no visible global function definition for
     ‘summary_formula’
    goflsm: no visible global function definition for ‘summary_formula’
    Undefined global functions or variables:
     summary_formula
Flavor: r-oldrel-osx-x86_64

Version: 0.2.1
Check: examples
Result: ERROR
    Running examples in ‘lvm4net-Ex.R’ failed
    The error most likely occurred in:
    
    > ### Name: goflsm
    > ### Title: Goodness-of-Fit diagnostics for LSM model
    > ### Aliases: goflsm
    >
    > ### ** Examples
    >
    >
    > Y <- network(15, directed = FALSE)[,]
    >
    > modLSM <- lsm(Y, D = 2)
    > myGof <- goflsm(modLSM, Y = Y)
    Error in summary_formula(y ~ esp(0:(N - 1)), directed = directed) :
     could not find function "summary_formula"
    Calls: goflsm -> sapply -> lapply -> FUN
    Execution halted
Flavor: r-oldrel-osx-x86_64