CRAN Package Check Results for Package lvm4net

Last updated on 2018-08-16 22:50:36 CEST.

Flavor Version Tinstall Tcheck Ttotal Status Flags
r-devel-linux-x86_64-debian-clang 0.2 5.75 79.89 85.64 NOTE
r-devel-linux-x86_64-debian-gcc 0.2 5.32 62.52 67.84 NOTE
r-devel-linux-x86_64-fedora-clang 0.2 120.21 WARN
r-devel-linux-x86_64-fedora-gcc 0.2 97.26 NOTE
r-devel-windows-ix86+x86_64 0.2 14.00 117.00 131.00 FAIL
r-patched-linux-x86_64 0.2 4.76 68.23 72.99 NOTE
r-patched-solaris-x86 0.2 152.20 WARN
r-release-linux-x86_64 0.2 5.24 69.24 74.48 NOTE
r-release-windows-ix86+x86_64 0.2 14.00 107.00 121.00 NOTE
r-release-osx-x86_64 0.2 NOTE
r-oldrel-windows-ix86+x86_64 0.2 12.00 80.00 92.00 NOTE
r-oldrel-osx-x86_64 0.2 NOTE

Check Details

Version: 0.2
Check: R code for possible problems
Result: NOTE
    Ell: no visible global function definition for ‘dist’
    boxroc: no visible global function definition for ‘dist’
    boxroc: no visible global function definition for ‘par’
    boxroc: no visible global function definition for ‘boxplot’
    boxroc: no visible global function definition for ‘abline’
    boxroc: no visible global function definition for ‘matplot’
    boxroc: no visible global function definition for ‘legend’
    frEZ: no visible binding for global variable ‘sd’
    goflsm: no visible global function definition for ‘plot’
    lsjm: no visible global function definition for ‘rnorm’
    lsjm : <anonymous>: no visible global function definition for
     ‘cmdscale’
    lsjm : <anonymous>: no visible global function definition for ‘as.dist’
    lsjm : <anonymous>: no visible binding for global variable ‘sd’
    lsjm: no visible global function definition for ‘glm’
    lsm: no visible global function definition for ‘rbinom’
    lsm: no visible global function definition for ‘rnorm’
    lsm: no visible binding for global variable ‘sd’
    lsm: no visible global function definition for ‘cmdscale’
    lsm: no visible global function definition for ‘as.dist’
    lsm: no visible global function definition for ‘glm’
    mainLSM: no visible global function definition for ‘dist’
    plot.gofobj: no visible global function definition for ‘par’
    plot.gofobj: no visible binding for global variable ‘quantile’
    plot.gofobj: no visible global function definition for ‘boxplot’
    plot.gofobj: no visible global function definition for ‘matlines’
    plot.gofobj: no visible global function definition for ‘matpoints’
    plot.gofobj: no visible global function definition for ‘lines’
    plot.gofobj: no visible global function definition for ‘points’
    plot.gofobj: no visible global function definition for ‘mtext’
    plot.lsjm: no visible global function definition for ‘rgb’
    plot.lsjm: no visible global function definition for ‘par’
    plot.lsm: no visible global function definition for ‘rgb’
    plotY: no visible global function definition for ‘rgb’
    plotY: no visible global function definition for ‘plot’
    plotY: no visible global function definition for ‘polygon’
    plotY: no visible global function definition for ‘points’
    plotY: no visible global function definition for ‘text’
    restartlsm: no visible global function definition for ‘rnorm’
    restartlsm: no visible binding for global variable ‘sd’
    restartlsm: no visible global function definition for ‘cmdscale’
    restartlsm: no visible global function definition for ‘as.dist’
    restartlsm: no visible global function definition for ‘glm’
    simulateLSM: no visible global function definition for ‘rnorm’
    simulateLSM: no visible global function definition for ‘dist’
    simulateLSM: no visible global function definition for ‘rbinom’
    upSigmaT: no visible global function definition for ‘combn’
    Undefined global functions or variables:
     abline as.dist boxplot cmdscale combn dist glm legend lines matlines
     matplot matpoints mtext par plot points polygon quantile rbinom rgb
     rnorm sd text
    Consider adding
     importFrom("grDevices", "rgb")
     importFrom("graphics", "abline", "boxplot", "legend", "lines",
     "matlines", "matplot", "matpoints", "mtext", "par", "plot",
     "points", "polygon", "text")
     importFrom("stats", "as.dist", "cmdscale", "dist", "glm", "quantile",
     "rbinom", "rnorm", "sd")
     importFrom("utils", "combn")
    to your NAMESPACE file.
Flavors: r-devel-linux-x86_64-debian-clang, r-devel-linux-x86_64-debian-gcc, r-devel-linux-x86_64-fedora-clang, r-devel-linux-x86_64-fedora-gcc, r-patched-linux-x86_64, r-patched-solaris-x86, r-release-linux-x86_64, r-release-windows-ix86+x86_64, r-release-osx-x86_64, r-oldrel-windows-ix86+x86_64, r-oldrel-osx-x86_64

Version: 0.2
Check: examples
Result: WARN
    Found the following significant warnings:
    
     Warning: 'summary.statistics' is deprecated.
    Deprecated functions may be defunct as soon as of the next release of
    R.
    See ?Deprecated.
Flavors: r-devel-linux-x86_64-fedora-clang, r-patched-solaris-x86

Version: 0.2
Check: R code for possible problems
Result: FAIL
    
Flavor: r-devel-windows-ix86+x86_64