CRAN Package Check Results for Package m2b

Last updated on 2022-05-26 21:50:10 CEST.

Flavor Version Tinstall Tcheck Ttotal Status Flags
r-devel-linux-x86_64-debian-clang 1.0 6.43 120.71 127.14 OK
r-devel-linux-x86_64-debian-gcc 1.0 6.20 98.92 105.12 OK
r-devel-linux-x86_64-fedora-clang 1.0 145.46 NOTE
r-devel-linux-x86_64-fedora-gcc 1.0 135.28 NOTE
r-devel-windows-x86_64 1.0 22.00 162.00 184.00 OK
r-patched-linux-x86_64 1.0 11.94 111.36 123.30 OK
r-release-linux-x86_64 1.0 4.94 113.66 118.60 OK
r-release-macos-arm64 1.0 54.00 NOTE
r-release-macos-x86_64 1.0 89.00 NOTE
r-release-windows-x86_64 1.0 18.00 160.00 178.00 OK
r-oldrel-macos-arm64 1.0 45.00 NOTE
r-oldrel-macos-x86_64 1.0 66.00 NOTE
r-oldrel-windows-ix86+x86_64 1.0 20.00 124.00 144.00 OK

Check Details

Version: 1.0
Check: dependencies in R code
Result: NOTE
    Namespaces in Imports field not imported from:
     ‘e1071’ ‘utils’
     All declared Imports should be used.
Flavors: r-devel-linux-x86_64-fedora-clang, r-devel-linux-x86_64-fedora-gcc, r-release-macos-arm64, r-release-macos-x86_64, r-oldrel-macos-arm64, r-oldrel-macos-x86_64