CRAN Package Check Results for Package m2b

Last updated on 2019-02-19 22:51:34 CET.

Flavor Version Tinstall Tcheck Ttotal Status Flags
r-devel-linux-x86_64-debian-clang 1.0 3.64 73.20 76.84 OK
r-devel-linux-x86_64-debian-gcc 1.0 3.17 55.67 58.84 OK
r-devel-linux-x86_64-fedora-clang 1.0 91.32 NOTE
r-devel-linux-x86_64-fedora-gcc 1.0 87.57 NOTE
r-devel-windows-ix86+x86_64 1.0 14.00 115.00 129.00 OK
r-patched-linux-x86_64 1.0 3.73 69.73 73.46 OK
r-patched-solaris-x86 1.0 126.50 NOTE
r-release-linux-x86_64 1.0 4.03 68.85 72.88 OK
r-release-windows-ix86+x86_64 1.0 6.00 129.00 135.00 OK
r-release-osx-x86_64 1.0 NOTE
r-oldrel-windows-ix86+x86_64 1.0 7.00 109.00 116.00 OK
r-oldrel-osx-x86_64 1.0 NOTE

Check Details

Version: 1.0
Check: dependencies in R code
Result: NOTE
    Namespaces in Imports field not imported from:
     ‘e1071’ ‘utils’
     All declared Imports should be used.
Flavors: r-devel-linux-x86_64-fedora-clang, r-devel-linux-x86_64-fedora-gcc, r-patched-solaris-x86, r-release-osx-x86_64, r-oldrel-osx-x86_64