CRAN Package Check Results for Package m2b

Last updated on 2018-11-17 06:46:46 CET.

Flavor Version Tinstall Tcheck Ttotal Status Flags
r-devel-linux-x86_64-debian-clang 1.0 3.76 74.70 78.46 OK
r-devel-linux-x86_64-debian-gcc 1.0 2.77 58.74 61.51 OK
r-devel-linux-x86_64-fedora-clang 1.0 101.18 NOTE
r-devel-linux-x86_64-fedora-gcc 1.0 86.46 NOTE
r-devel-windows-ix86+x86_64 1.0 11.00 114.00 125.00 OK
r-patched-linux-x86_64 1.0 3.56 72.08 75.64 OK
r-patched-solaris-x86 1.0 133.10 NOTE
r-release-linux-x86_64 1.0 3.49 72.23 75.72 OK
r-release-windows-ix86+x86_64 1.0 10.00 99.00 109.00 OK
r-release-osx-x86_64 1.0 NOTE
r-oldrel-windows-ix86+x86_64 1.0 9.00 104.00 113.00 OK
r-oldrel-osx-x86_64 1.0 NOTE

Check Details

Version: 1.0
Check: dependencies in R code
Result: NOTE
    Namespaces in Imports field not imported from:
     ‘e1071’ ‘utils’
     All declared Imports should be used.
Flavors: r-devel-linux-x86_64-fedora-clang, r-devel-linux-x86_64-fedora-gcc, r-patched-solaris-x86, r-release-osx-x86_64, r-oldrel-osx-x86_64