CRAN Package Check Results for Package m2b

Last updated on 2018-08-19 09:48:09 CEST.

Flavor Version Tinstall Tcheck Ttotal Status Flags
r-devel-linux-x86_64-debian-clang 1.0 3.11 79.80 82.91 OK
r-devel-linux-x86_64-debian-gcc 1.0 3.27 63.02 66.29 OK
r-devel-linux-x86_64-fedora-clang 1.0 95.60 NOTE
r-devel-linux-x86_64-fedora-gcc 1.0 101.48 NOTE
r-devel-windows-ix86+x86_64 1.0 11.00 127.00 138.00 OK
r-patched-linux-x86_64 1.0 3.13 71.81 74.94 OK
r-patched-solaris-x86 1.0 132.40 NOTE
r-release-linux-x86_64 1.0 3.57 72.09 75.66 OK
r-release-windows-ix86+x86_64 1.0 13.00 82.00 95.00 OK
r-release-osx-x86_64 1.0 NOTE
r-oldrel-windows-ix86+x86_64 1.0 8.00 97.00 105.00 OK
r-oldrel-osx-x86_64 1.0 NOTE

Check Details

Version: 1.0
Check: dependencies in R code
Result: NOTE
    Namespaces in Imports field not imported from:
     ‘e1071’ ‘utils’
     All declared Imports should be used.
Flavors: r-devel-linux-x86_64-fedora-clang, r-devel-linux-x86_64-fedora-gcc, r-patched-solaris-x86, r-release-osx-x86_64, r-oldrel-osx-x86_64