CRAN Package Check Results for Package m2b

Last updated on 2018-02-22 02:51:47 CET.

Flavor Version Tinstall Tcheck Ttotal Status Flags
r-devel-linux-x86_64-debian-clang 1.0 2.26 60.67 62.93 OK
r-devel-linux-x86_64-debian-gcc 1.0 2.43 52.79 55.22 OK
r-devel-linux-x86_64-fedora-clang 1.0 84.61 NOTE
r-devel-linux-x86_64-fedora-gcc 1.0 79.61 NOTE
r-devel-windows-ix86+x86_64 1.0 9.00 84.00 93.00 OK
r-patched-linux-x86_64 1.0 2.20 76.23 78.43 OK
r-patched-solaris-x86 1.0 125.50 NOTE
r-release-linux-x86_64 1.0 2.03 79.08 81.11 OK
r-release-windows-ix86+x86_64 1.0 10.00 121.00 131.00 OK
r-release-osx-x86_64 1.0 NOTE
r-oldrel-windows-ix86+x86_64 1.0 6.00 86.00 92.00 OK
r-oldrel-osx-x86_64 1.0 NOTE

Check Details

Version: 1.0
Check: dependencies in R code
Result: NOTE
    Namespaces in Imports field not imported from:
     ‘e1071’ ‘utils’
     All declared Imports should be used.
Flavors: r-devel-linux-x86_64-fedora-clang, r-devel-linux-x86_64-fedora-gcc, r-patched-solaris-x86, r-release-osx-x86_64, r-oldrel-osx-x86_64