CRAN Package Check Results for Package m2b

Last updated on 2018-05-26 10:49:23 CEST.

Flavor Version Tinstall Tcheck Ttotal Status Flags
r-devel-linux-x86_64-debian-clang 1.0 2.84 72.43 75.27 OK
r-devel-linux-x86_64-debian-gcc 1.0 2.67 56.88 59.55 OK
r-devel-linux-x86_64-fedora-clang 1.0 96.31 NOTE
r-devel-linux-x86_64-fedora-gcc 1.0 86.41 NOTE
r-devel-windows-ix86+x86_64 1.0 6.00 85.00 91.00 OK
r-patched-linux-x86_64 1.0 2.91 65.95 68.86 OK
r-patched-solaris-x86 1.0 123.90 NOTE
r-release-linux-x86_64 1.0 2.89 65.39 68.28 OK
r-release-windows-ix86+x86_64 1.0 10.00 111.00 121.00 OK
r-release-osx-x86_64 1.0 NOTE
r-oldrel-windows-ix86+x86_64 1.0 8.00 93.00 101.00 OK
r-oldrel-osx-x86_64 1.0 NOTE

Check Details

Version: 1.0
Check: dependencies in R code
Result: NOTE
    Namespaces in Imports field not imported from:
     ‘e1071’ ‘utils’
     All declared Imports should be used.
Flavors: r-devel-linux-x86_64-fedora-clang, r-devel-linux-x86_64-fedora-gcc, r-patched-solaris-x86, r-release-osx-x86_64, r-oldrel-osx-x86_64