CRAN Package Check Results for Package mGSZ

Last updated on 2019-09-18 06:49:48 CEST.

Flavor Version Tinstall Tcheck Ttotal Status Flags
r-devel-linux-x86_64-debian-clang 1.0 10.14 80.20 90.34 NOTE
r-devel-linux-x86_64-debian-gcc 1.0 9.52 62.78 72.30 NOTE
r-devel-linux-x86_64-fedora-clang 1.0 107.07 NOTE
r-devel-linux-x86_64-fedora-gcc 1.0 105.70 NOTE
r-devel-windows-ix86+x86_64 1.0 27.00 89.00 116.00 NOTE
r-patched-linux-x86_64 1.0 10.11 78.30 88.41 NOTE
r-patched-solaris-x86 1.0 158.50 NOTE
r-release-linux-x86_64 1.0 8.12 78.95 87.07 NOTE
r-release-windows-ix86+x86_64 1.0 17.00 133.00 150.00 NOTE
r-release-osx-x86_64 1.0 ERROR
r-oldrel-windows-ix86+x86_64 1.0 16.00 90.00 106.00 NOTE
r-oldrel-osx-x86_64 1.0 NOTE

Check Details

Version: 1.0
Check: R code for possible problems
Result: NOTE
    calc_z_var: no visible binding for global variable 'median'
    diffScore: no visible global function definition for 'new'
    diffScore: no visible global function definition for 'model.matrix'
    logNORMcdf: no visible global function definition for 'pnorm'
    mGSZ.adj.mean.std: no visible binding for global variable 'sd'
    pick.data.cols: no visible binding for global variable 'var'
    plotProfile: no visible binding for global variable 'quantile'
    plotProfile: no visible global function definition for 'plot'
    plotProfile: no visible global function definition for 'lines'
    plotProfile: no visible global function definition for 'legend'
    Undefined global functions or variables:
     legend lines median model.matrix new plot pnorm quantile sd var
    Consider adding
     importFrom("graphics", "legend", "lines", "plot")
     importFrom("methods", "new")
     importFrom("stats", "median", "model.matrix", "pnorm", "quantile",
     "sd", "var")
    to your NAMESPACE file (and ensure that your DESCRIPTION Imports field
    contains 'methods').
Flavors: r-devel-linux-x86_64-debian-clang, r-devel-linux-x86_64-debian-gcc, r-devel-linux-x86_64-fedora-clang, r-devel-linux-x86_64-fedora-gcc, r-devel-windows-ix86+x86_64, r-patched-linux-x86_64, r-patched-solaris-x86, r-release-linux-x86_64, r-release-windows-ix86+x86_64, r-oldrel-windows-ix86+x86_64, r-oldrel-osx-x86_64

Version: 1.0
Check: package dependencies
Result: ERROR
    Packages required but not available: 'Biobase', 'limma'
    
    See section ‘The DESCRIPTION file’ in the ‘Writing R Extensions’
    manual.
Flavor: r-release-osx-x86_64