CRAN Package Check Results for Package mRMRe

Last updated on 2018-08-20 01:46:33 CEST.

Flavor Version Tinstall Tcheck Ttotal Status Flags
r-devel-linux-x86_64-debian-clang 2.0.7 9.20 90.67 99.87 OK
r-devel-linux-x86_64-debian-gcc 2.0.7 7.41 70.60 78.01 OK
r-devel-linux-x86_64-fedora-clang 2.0.7 121.30 NOTE
r-devel-linux-x86_64-fedora-gcc 2.0.7 123.74 NOTE
r-devel-windows-ix86+x86_64 2.0.7 28.00 171.00 199.00 OK
r-patched-linux-x86_64 2.0.7 9.74 77.47 87.21 WARN
r-patched-solaris-x86 2.0.7 167.40 WARN
r-release-linux-x86_64 2.0.7 10.78 77.51 88.29 WARN
r-release-windows-ix86+x86_64 2.0.7 27.00 113.00 140.00 WARN
r-release-osx-x86_64 2.0.7 OK
r-oldrel-windows-ix86+x86_64 2.0.7 19.00 155.00 174.00 WARN
r-oldrel-osx-x86_64 2.0.7 OK

Check Details

Version: 2.0.7
Check: use of SHLIB_OPENMP_*FLAGS in Makefiles
Result: NOTE
     src/Makevars: it is not portable to include SHLIB_OPENMP_*' macros in PKG_CPPFLAGS
    Use of these macros is discussed in sect 1.2.1.1 of ‘Writing R
    Extensions’. The macros for different languages may differ so the
    matching macro must be used in PKG_CXXFLAGS (etc) and match that used
    in PKG_LIBS (except for F77: see the manual).
    PKG_CPPFLAGS is used for both C and C++ code so it is not portable to
    use it for these macros.
Flavors: r-devel-linux-x86_64-fedora-clang, r-devel-linux-x86_64-fedora-gcc

Version: 2.0.7
Check: data for ASCII and uncompressed saves
Result: WARN
    
     Note: significantly better compression could be obtained
     by using R CMD build --resave-data
     old_size new_size compress
     cgps.rda 1.5Mb 1.4Mb xz
Flavors: r-patched-linux-x86_64, r-patched-solaris-x86, r-release-linux-x86_64, r-release-windows-ix86+x86_64, r-oldrel-windows-ix86+x86_64