CRAN Package Check Results for Package mRMRe

Last updated on 2018-05-20 20:47:58 CEST.

Flavor Version Tinstall Tcheck Ttotal Status Flags
r-devel-linux-x86_64-debian-clang 2.0.7 9.61 88.15 97.76 OK
r-devel-linux-x86_64-debian-gcc 2.0.7 8.47 68.77 77.24 OK
r-devel-linux-x86_64-fedora-clang 2.0.7 123.21 OK
r-devel-linux-x86_64-fedora-gcc 2.0.7 113.39 OK
r-devel-windows-ix86+x86_64 2.0.7 23.00 133.00 156.00 OK
r-patched-linux-x86_64 2.0.7 8.72 77.18 85.90 OK
r-patched-solaris-x86 2.0.7 173.20 OK
r-release-linux-x86_64 2.0.7 9.70 75.73 85.43 OK
r-release-windows-ix86+x86_64 2.0.7 22.00 121.00 143.00 OK
r-release-osx-x86_64 2.0.7 OK
r-oldrel-windows-ix86+x86_64 2.0.7 18.00 133.00 151.00 WARN
r-oldrel-osx-x86_64 2.0.7 OK

Check Details

Version: 2.0.7
Check: data for ASCII and uncompressed saves
Result: WARN
    
     Note: significantly better compression could be obtained
     by using R CMD build --resave-data
     old_size new_size compress
     cgps.rda 1.5Mb 1.4Mb xz
Flavor: r-oldrel-windows-ix86+x86_64