CRAN Package Check Results for Package mRMRe

Last updated on 2021-05-08 05:57:13 CEST.

Flavor Version Tinstall Tcheck Ttotal Status Flags
r-devel-linux-x86_64-debian-clang 2.1.0 15.09 93.28 108.37 WARN
r-devel-linux-x86_64-debian-gcc 2.1.0 11.11 70.91 82.02 WARN
r-devel-linux-x86_64-fedora-clang 2.1.0 146.18 WARN
r-devel-linux-x86_64-fedora-gcc 2.1.0 129.00 WARN
r-devel-windows-ix86+x86_64 2.1.0 29.00 160.00 189.00 OK
r-devel-windows-x86_64-gcc10-UCRT 2.1.0 WARN
r-patched-linux-x86_64 2.1.0 13.73 88.51 102.24 OK
r-patched-solaris-x86 2.1.0 198.30 OK
r-release-linux-x86_64 2.1.0 13.02 88.14 101.16 OK
r-release-macos-x86_64 2.1.0 WARN
r-release-windows-ix86+x86_64 2.1.0 29.00 124.00 153.00 OK
r-oldrel-macos-x86_64 2.1.0 OK
r-oldrel-windows-ix86+x86_64 2.1.0 40.00 125.00 165.00 OK

Check Details

Version: 2.1.0
Check: data for ASCII and uncompressed saves
Result: WARN
    
     Note: significantly better compression could be obtained
     by using R CMD build --resave-data
     old_size new_size compress
     cgps.rda 1.5Mb 1.4Mb xz
Flavors: r-devel-linux-x86_64-debian-clang, r-devel-linux-x86_64-debian-gcc, r-devel-linux-x86_64-fedora-clang, r-devel-linux-x86_64-fedora-gcc, r-devel-windows-x86_64-gcc10-UCRT, r-release-macos-x86_64