CRAN Package Check Results for Package mRMRe

Last updated on 2018-11-18 23:49:59 CET.

Flavor Version Tinstall Tcheck Ttotal Status Flags
r-devel-linux-x86_64-debian-clang 2.0.7 10.71 82.04 92.75 NOTE
r-devel-linux-x86_64-debian-gcc 2.0.7 8.47 63.82 72.29 NOTE
r-devel-linux-x86_64-fedora-clang 2.0.7 111.93 NOTE
r-devel-linux-x86_64-fedora-gcc 2.0.7 102.36 NOTE
r-devel-windows-ix86+x86_64 2.0.7 30.00 117.00 147.00 OK
r-patched-linux-x86_64 2.0.7 8.27 77.20 85.47 WARN
r-patched-solaris-x86 2.0.7 167.40 WARN
r-release-linux-x86_64 2.0.7 8.65 76.88 85.53 WARN
r-release-windows-ix86+x86_64 2.0.7 29.00 162.00 191.00 WARN
r-release-osx-x86_64 2.0.7 OK
r-oldrel-windows-ix86+x86_64 2.0.7 33.00 159.00 192.00 WARN
r-oldrel-osx-x86_64 2.0.7 OK

Check Details

Version: 2.0.7
Check: use of SHLIB_OPENMP_*FLAGS in Makefiles
Result: NOTE
     src/Makevars: it is not portable to include SHLIB_OPENMP_*' macros in PKG_CPPFLAGS
    Use of these macros is discussed in sect 1.2.1.1 of ‘Writing R
    Extensions’. The macros for different languages may differ so the
    matching macro must be used in PKG_CXXFLAGS (etc) and match that used
    in PKG_LIBS (except for F77: see the manual).
    PKG_CPPFLAGS is used for both C and C++ code so it is not portable to
    use it for these macros.
Flavors: r-devel-linux-x86_64-debian-clang, r-devel-linux-x86_64-debian-gcc, r-devel-linux-x86_64-fedora-clang, r-devel-linux-x86_64-fedora-gcc

Version: 2.0.7
Check: data for ASCII and uncompressed saves
Result: WARN
    
     Note: significantly better compression could be obtained
     by using R CMD build --resave-data
     old_size new_size compress
     cgps.rda 1.5Mb 1.4Mb xz
Flavors: r-patched-linux-x86_64, r-patched-solaris-x86, r-release-linux-x86_64, r-release-windows-ix86+x86_64, r-oldrel-windows-ix86+x86_64