CRAN Package Check Results for Package maboost

Last updated on 2018-09-24 15:50:17 CEST.

Flavor Version Tinstall Tcheck Ttotal Status Flags
r-devel-linux-x86_64-debian-clang 1.0-0 5.92 66.76 72.68 NOTE
r-devel-linux-x86_64-debian-gcc 1.0-0 4.68 52.74 57.42 NOTE
r-devel-linux-x86_64-fedora-clang 1.0-0 85.96 NOTE
r-devel-linux-x86_64-fedora-gcc 1.0-0 82.67 NOTE
r-devel-windows-ix86+x86_64 1.0-0 14.00 108.00 122.00 NOTE
r-patched-linux-x86_64 1.0-0 5.21 55.76 60.97 NOTE
r-patched-solaris-x86 1.0-0 112.20 NOTE
r-release-linux-x86_64 1.0-0 4.93 55.60 60.53 NOTE
r-release-windows-ix86+x86_64 1.0-0 13.00 93.00 106.00 NOTE
r-release-osx-x86_64 1.0-0 NOTE
r-oldrel-windows-ix86+x86_64 1.0-0 7.00 97.00 104.00 NOTE
r-oldrel-osx-x86_64 1.0-0 NOTE

Check Details

Version: 1.0-0
Check: DESCRIPTION meta-information
Result: NOTE
    Malformed Description field: should contain one or more complete sentences.
Flavors: r-devel-linux-x86_64-debian-clang, r-devel-linux-x86_64-debian-gcc, r-devel-linux-x86_64-fedora-clang, r-devel-linux-x86_64-fedora-gcc, r-devel-windows-ix86+x86_64, r-patched-linux-x86_64, r-patched-solaris-x86, r-release-linux-x86_64, r-release-windows-ix86+x86_64, r-release-osx-x86_64, r-oldrel-windows-ix86+x86_64, r-oldrel-osx-x86_64

Version: 1.0-0
Check: R code for possible problems
Result: NOTE
    maboost.default: no visible global function definition for
     ‘flush.console’
    maboost.default: no visible binding for global variable ‘na.pass’
    maboost.default : predict.type: no visible global function definition
     for ‘predict’
    maboost.formula: no visible global function definition for
     ‘model.extract’
    maboost.machine.bin: no visible global function definition for ‘runif’
    maboost.machine.bin: no visible binding for global variable ‘na.pass’
    maboost.machine.multi: no visible global function definition for
     ‘runif’
    maboost.machine.multi: no visible binding for global variable ‘na.pass’
    projsplx_k: no visible global function definition for ‘tail’
    varplot.maboost: no visible global function definition for ‘dotchart’
    Undefined global functions or variables:
     dotchart flush.console model.extract na.pass predict runif tail
    Consider adding
     importFrom("graphics", "dotchart")
     importFrom("stats", "model.extract", "na.pass", "predict", "runif")
     importFrom("utils", "flush.console", "tail")
    to your NAMESPACE file.
Flavors: r-devel-linux-x86_64-debian-clang, r-devel-linux-x86_64-debian-gcc, r-devel-linux-x86_64-fedora-clang, r-devel-linux-x86_64-fedora-gcc, r-devel-windows-ix86+x86_64, r-patched-linux-x86_64, r-patched-solaris-x86, r-release-linux-x86_64, r-release-windows-ix86+x86_64, r-release-osx-x86_64, r-oldrel-windows-ix86+x86_64, r-oldrel-osx-x86_64