CRAN Package Check Results for Package maboost

Last updated on 2018-01-17 19:49:54 CET.

Flavor Version Tinstall Tcheck Ttotal Status Flags
r-devel-linux-x86_64-debian-clang 1.0-0 3.32 52.29 55.61 NOTE
r-devel-linux-x86_64-debian-gcc 1.0-0 3.22 41.08 44.30 NOTE
r-devel-linux-x86_64-fedora-clang 1.0-0 63.66 NOTE
r-devel-linux-x86_64-fedora-gcc 1.0-0 69.53 NOTE
r-devel-windows-ix86+x86_64 1.0-0 7.00 63.00 70.00 NOTE
r-patched-linux-x86_64 1.0-0 3.92 55.48 59.40 NOTE
r-patched-solaris-x86 1.0-0 130.10 NOTE
r-release-linux-x86_64 1.0-0 3.88 55.68 59.56 NOTE
r-release-windows-ix86+x86_64 1.0-0 7.00 93.00 100.00 NOTE
r-release-osx-x86_64 1.0-0 NOTE
r-oldrel-windows-ix86+x86_64 1.0-0 10.00 81.00 91.00 NOTE
r-oldrel-osx-x86_64 1.0-0 NOTE

Check Details

Version: 1.0-0
Check: DESCRIPTION meta-information
Result: NOTE
    Malformed Description field: should contain one or more complete sentences.
Flavors: r-devel-linux-x86_64-debian-clang, r-devel-linux-x86_64-debian-gcc, r-devel-linux-x86_64-fedora-clang, r-devel-linux-x86_64-fedora-gcc, r-devel-windows-ix86+x86_64, r-patched-linux-x86_64, r-patched-solaris-x86, r-release-linux-x86_64, r-release-windows-ix86+x86_64, r-release-osx-x86_64, r-oldrel-windows-ix86+x86_64, r-oldrel-osx-x86_64

Version: 1.0-0
Check: R code for possible problems
Result: NOTE
    maboost.default: no visible global function definition for
     ‘flush.console’
    maboost.default: no visible binding for global variable ‘na.pass’
    maboost.default : predict.type: no visible global function definition
     for ‘predict’
    maboost.formula: no visible global function definition for
     ‘model.extract’
    maboost.machine.bin: no visible global function definition for ‘runif’
    maboost.machine.bin: no visible binding for global variable ‘na.pass’
    maboost.machine.multi: no visible global function definition for
     ‘runif’
    maboost.machine.multi: no visible binding for global variable ‘na.pass’
    projsplx_k: no visible global function definition for ‘tail’
    varplot.maboost: no visible global function definition for ‘dotchart’
    Undefined global functions or variables:
     dotchart flush.console model.extract na.pass predict runif tail
    Consider adding
     importFrom("graphics", "dotchart")
     importFrom("stats", "model.extract", "na.pass", "predict", "runif")
     importFrom("utils", "flush.console", "tail")
    to your NAMESPACE file.
Flavors: r-devel-linux-x86_64-debian-clang, r-devel-linux-x86_64-debian-gcc, r-devel-linux-x86_64-fedora-clang, r-devel-linux-x86_64-fedora-gcc, r-devel-windows-ix86+x86_64, r-patched-linux-x86_64, r-patched-solaris-x86, r-release-linux-x86_64, r-release-windows-ix86+x86_64, r-release-osx-x86_64, r-oldrel-windows-ix86+x86_64, r-oldrel-osx-x86_64