Last updated on 2022-08-12 06:49:24 CEST.
Flavor | Version | Tinstall | Tcheck | Ttotal | Status | Flags |
---|---|---|---|---|---|---|
r-devel-linux-x86_64-debian-clang | 0.2.0 | 21.70 | 181.49 | 203.19 | OK | |
r-devel-linux-x86_64-debian-gcc | 0.2.0 | 18.96 | 136.75 | 155.71 | OK | |
r-devel-linux-x86_64-fedora-clang | 0.2.0 | 251.53 | NOTE | |||
r-devel-linux-x86_64-fedora-gcc | 0.2.0 | 248.47 | NOTE | |||
r-devel-windows-x86_64 | 0.2.0 | 27.00 | 196.00 | 223.00 | OK | |
r-patched-linux-x86_64 | 0.2.0 | 26.57 | 170.39 | 196.96 | OK | |
r-release-linux-x86_64 | 0.2.0 | 22.30 | 166.78 | 189.08 | OK | |
r-release-macos-arm64 | 0.2.0 | 68.00 | NOTE | |||
r-release-macos-x86_64 | 0.2.0 | 114.00 | NOTE | |||
r-release-windows-x86_64 | 0.2.0 | 28.00 | 188.00 | 216.00 | OK | |
r-oldrel-macos-arm64 | 0.2.0 | 60.00 | NOTE | |||
r-oldrel-macos-x86_64 | 0.2.0 | 130.00 | NOTE | |||
r-oldrel-windows-ix86+x86_64 | 0.2.0 | 49.00 | 185.00 | 234.00 | OK |
Version: 0.2.0
Check: dependencies in R code
Result: NOTE
Namespace in Imports field not imported from: ‘mathjaxr’
All declared Imports should be used.
Flavors: r-devel-linux-x86_64-fedora-clang, r-devel-linux-x86_64-fedora-gcc, r-release-macos-arm64, r-release-macos-x86_64, r-oldrel-macos-arm64, r-oldrel-macos-x86_64