CRAN Package Check Results for Package maddison

Last updated on 2019-11-14 16:48:39 CET.

Flavor Version Tinstall Tcheck Ttotal Status Flags
r-devel-linux-x86_64-debian-clang 0.1 1.98 20.64 22.62 NOTE
r-devel-linux-x86_64-debian-gcc 0.1 1.78 16.49 18.27 NOTE
r-devel-linux-x86_64-fedora-clang 0.1 29.41 OK
r-devel-linux-x86_64-fedora-gcc 0.1 28.52 OK
r-devel-windows-ix86+x86_64 0.1 9.00 48.00 57.00 NOTE
r-patched-linux-x86_64 0.1 1.50 20.29 21.79 OK
r-patched-solaris-x86 0.1 43.80 OK
r-release-linux-x86_64 0.1 1.81 19.65 21.46 OK
r-release-windows-ix86+x86_64 0.1 5.00 53.00 58.00 OK
r-release-osx-x86_64 0.1 OK
r-oldrel-windows-ix86+x86_64 0.1 4.00 47.00 51.00 OK
r-oldrel-osx-x86_64 0.1 OK

Check Details

Version: 0.1
Check: package vignettes
Result: NOTE
    Package vignette with placeholder title 'Vignette Title':
     'maddison_project_database.Rmd'
Flavors: r-devel-linux-x86_64-debian-clang, r-devel-linux-x86_64-debian-gcc, r-devel-windows-ix86+x86_64