CRAN Package Check Results for Package mafs

Last updated on 2019-08-24 11:46:51 CEST.

Flavor Version Tinstall Tcheck Ttotal Status Flags
r-devel-linux-x86_64-debian-clang 0.0.3 5.63 53.37 59.00 OK
r-devel-linux-x86_64-debian-gcc 0.0.3 5.12 42.14 47.26 OK
r-devel-linux-x86_64-fedora-clang 0.0.3 73.49 NOTE
r-devel-linux-x86_64-fedora-gcc 0.0.3 72.61 NOTE
r-devel-windows-ix86+x86_64 0.0.3 17.00 105.00 122.00 OK
r-patched-linux-x86_64 0.0.3 5.66 51.87 57.53 OK
r-patched-solaris-x86 0.0.3 101.80 NOTE
r-release-linux-x86_64 0.0.3 5.64 51.56 57.20 OK
r-release-windows-ix86+x86_64 0.0.3 37.00 99.00 136.00 OK
r-release-osx-x86_64 0.0.3 NOTE
r-oldrel-windows-ix86+x86_64 0.0.3 17.00 97.00 114.00 OK
r-oldrel-osx-x86_64 0.0.3 NOTE

Check Details

Version: 0.0.3
Check: dependencies in R code
Result: NOTE
    Namespaces in Imports field not imported from:
     ‘Rcpp’ ‘cmprsk’ ‘colorspace’ ‘etm’ ‘fracdiff’ ‘gtable’ ‘munsell’
     ‘numDeriv’ ‘plyr’ ‘quadprog’ ‘scales’ ‘timeDate’ ‘tseries’ ‘zoo’
     All declared Imports should be used.
Flavors: r-devel-linux-x86_64-fedora-clang, r-devel-linux-x86_64-fedora-gcc, r-patched-solaris-x86, r-release-osx-x86_64, r-oldrel-osx-x86_64