Last updated on 2021-04-16 21:50:25 CEST.
Flavor | Version | Tinstall | Tcheck | Ttotal | Status | Flags |
---|---|---|---|---|---|---|
r-devel-linux-x86_64-debian-clang | 5.24.7 | 14.14 | 116.95 | 131.09 | OK | |
r-devel-linux-x86_64-debian-gcc | 5.24.7 | 13.00 | 86.06 | 99.06 | OK | |
r-devel-linux-x86_64-fedora-clang | 5.24.7 | 162.93 | OK | |||
r-devel-linux-x86_64-fedora-gcc | 5.24.7 | 152.07 | OK | |||
r-devel-windows-ix86+x86_64 | 5.24.7 | 28.00 | 4.00 | 32.00 | ERROR | |
r-devel-windows-x86_64-gcc10-UCRT | 5.24.7 | OK | ||||
r-patched-linux-x86_64 | 5.24.7 | 12.70 | 105.06 | 117.76 | OK | |
r-patched-solaris-x86 | 5.24.7 | 198.40 | OK | |||
r-release-linux-x86_64 | 5.24.7 | 15.21 | 105.15 | 120.36 | OK | |
r-release-macos-x86_64 | 5.24.7 | OK | ||||
r-release-windows-ix86+x86_64 | 5.24.7 | 37.00 | 149.00 | 186.00 | OK | |
r-oldrel-macos-x86_64 | 5.24.7 | OK | ||||
r-oldrel-windows-ix86+x86_64 | 5.24.7 | 15.00 | 141.00 | 156.00 | OK |
Version: 5.24.7
Check: whether package can be installed
Result: ERROR
See *
Flavor: r-devel-windows-ix86+x86_64