CRAN Package Check Results for Package magicaxis

Last updated on 2021-04-11 20:47:13 CEST.

Flavor Version Tinstall Tcheck Ttotal Status Flags
r-devel-linux-x86_64-debian-clang 2.2.1 12.04 77.11 89.15 OK
r-devel-linux-x86_64-debian-gcc 2.2.1 9.49 56.99 66.48 OK
r-devel-linux-x86_64-fedora-clang 2.2.1 115.81 OK
r-devel-linux-x86_64-fedora-gcc 2.2.1 102.86 OK
r-devel-windows-ix86+x86_64 2.2.1 17.00 73.00 90.00 OK
r-devel-windows-x86_64-gcc10-UCRT 2.2.1 OK
r-patched-linux-x86_64 2.2.1 10.35 69.31 79.66 OK
r-patched-solaris-x86 2.2.1 143.70 OK
r-release-linux-x86_64 2.2.1 12.51 69.41 81.92 OK
r-release-macos-x86_64 2.2.1 OK
r-release-windows-ix86+x86_64 2.2.1 13.00 82.00 95.00 OK
r-oldrel-macos-x86_64 2.2.1 WARN
r-oldrel-windows-ix86+x86_64 2.2.1 14.00 62.00 76.00 OK

Check Details

Version: 2.2.1
Check: dependencies in R code
Result: NOTE
    No protocol specified
    No protocol specified
Flavor: r-oldrel-macos-x86_64

Version: 2.2.1
Check: S3 generic/method consistency
Result: WARN
    No protocol specified
    No protocol specified
    See section ‘Generic functions and methods’ in the ‘Writing R
    Extensions’ manual.
Flavor: r-oldrel-macos-x86_64

Version: 2.2.1
Check: replacement functions
Result: WARN
    No protocol specified
    No protocol specified
    The argument of a replacement function which corresponds to the right
    hand side must be named ‘value’.
Flavor: r-oldrel-macos-x86_64

Version: 2.2.1
Check: foreign function calls
Result: NOTE
    No protocol specified
    No protocol specified
    See chapter ‘System and foreign language interfaces’ in the ‘Writing R
    Extensions’ manual.
Flavor: r-oldrel-macos-x86_64

Version: 2.2.1
Check: R code for possible problems
Result: NOTE
    No protocol specified
    No protocol specified
Flavor: r-oldrel-macos-x86_64

Version: 2.2.1
Check: for missing documentation entries
Result: WARN
    No protocol specified
    No protocol specified
    All user-level objects in a package should have documentation entries.
    See chapter ‘Writing R documentation files’ in the ‘Writing R
    Extensions’ manual.
Flavor: r-oldrel-macos-x86_64

Version: 2.2.1
Check: for code/documentation mismatches
Result: WARN
    No protocol specified
    No protocol specified
    No protocol specified
    No protocol specified
    No protocol specified
    No protocol specified
Flavor: r-oldrel-macos-x86_64

Version: 2.2.1
Check: Rd \usage sections
Result: NOTE
    No protocol specified
    No protocol specified
    The \usage entries for S3 methods should use the \method markup and not
    their full name.
    See chapter ‘Writing R documentation files’ in the ‘Writing R
    Extensions’ manual.
Flavor: r-oldrel-macos-x86_64