CRAN Package Check Results for Package magick

Last updated on 2018-10-19 06:47:57 CEST.

Flavor Version Tinstall Tcheck Ttotal Status Flags
r-devel-linux-x86_64-debian-clang 2.0 116.91 149.52 266.43 OK
r-devel-linux-x86_64-debian-gcc 2.0 102.10 125.63 227.73 OK
r-devel-linux-x86_64-fedora-clang 2.0 465.86 NOTE
r-devel-linux-x86_64-fedora-gcc 2.0 409.32 NOTE
r-devel-windows-ix86+x86_64 2.0 372.00 373.00 745.00 NOTE
r-patched-linux-x86_64 2.0 119.20 141.58 260.78 OK
r-patched-solaris-x86 2.0 259.00 WARN
r-release-linux-x86_64 2.0 119.98 151.67 271.65 OK
r-release-windows-ix86+x86_64 2.0 309.00 404.00 713.00 NOTE
r-release-osx-x86_64 2.0 NOTE
r-oldrel-windows-ix86+x86_64 2.0 293.00 397.00 690.00 NOTE
r-oldrel-osx-x86_64 2.0 NOTE

Additional issues

clang-ASAN gcc-ASAN

Check Details

Version: 2.0
Check: package dependencies
Result: NOTE
    Package suggested but not available for checking: ‘av’
Flavors: r-devel-linux-x86_64-fedora-clang, r-devel-linux-x86_64-fedora-gcc

Version: 2.0
Check: installed package size
Result: NOTE
     installed size is 12.8Mb
     sub-directories of 1Mb or more:
     doc 6.8Mb
     libs 5.7Mb
Flavors: r-devel-linux-x86_64-fedora-clang, r-devel-windows-ix86+x86_64, r-patched-solaris-x86, r-release-windows-ix86+x86_64, r-release-osx-x86_64, r-oldrel-windows-ix86+x86_64, r-oldrel-osx-x86_64

Version: 2.0
Check: Rd cross-references
Result: NOTE
    Package unavailable to check Rd xrefs: ‘av’
Flavors: r-devel-linux-x86_64-fedora-clang, r-devel-linux-x86_64-fedora-gcc

Version: 2.0
Check: package dependencies
Result: NOTE
    Packages suggested but not available for checking:
     ‘av’ ‘rsvg’ ‘tesseract’ ‘gifski’
Flavor: r-patched-solaris-x86

Version: 2.0
Check: Rd cross-references
Result: NOTE
    Packages unavailable to check Rd xrefs: ‘rsvg’, ‘tesseract’, ‘gifski’, ‘av’
Flavor: r-patched-solaris-x86

Version: 2.0
Check: re-building of vignette outputs
Result: WARN
    Error in re-building vignettes:
     ...
    Warning in engine$weave(file, quiet = quiet, encoding = enc) :
     Pandoc (>= 1.12.3) and/or pandoc-citeproc not available. Falling back to R Markdown v1.
    Warning in library(package, lib.loc = lib.loc, character.only = TRUE, logical.return = TRUE, :
     there is no package called 'rsvg'
    Warning in library(package, lib.loc = lib.loc, character.only = TRUE, logical.return = TRUE, :
     there is no package called 'rsvg'
    Quitting from lines 228-237 (intro.Rmd)
    Error: processing vignette 'intro.Rmd' failed with diagnostics:
    Magick: non-conforming drawing primitive definition `text' @ error/draw.c/DrawImage/3308
    Execution halted
Flavor: r-patched-solaris-x86