CRAN Package Check Results for Package magick

Last updated on 2019-01-24 04:51:42 CET.

Flavor Version Tinstall Tcheck Ttotal Status Flags
r-devel-linux-x86_64-debian-clang 2.0 115.23 158.07 273.30 OK
r-devel-linux-x86_64-debian-gcc 2.0 100.94 141.26 242.20 OK
r-devel-linux-x86_64-fedora-clang 2.0 462.68 NOTE
r-devel-linux-x86_64-fedora-gcc 2.0 403.14 OK
r-devel-windows-ix86+x86_64 2.0 370.00 404.00 774.00 NOTE
r-patched-linux-x86_64 2.0 128.20 156.69 284.89 OK
r-patched-solaris-x86 2.0 243.60 WARN
r-release-linux-x86_64 2.0 128.75 141.45 270.20 OK
r-release-windows-ix86+x86_64 2.0 286.00 389.00 675.00 NOTE
r-release-osx-x86_64 2.0 NOTE
r-oldrel-windows-ix86+x86_64 2.0 291.00 407.00 698.00 NOTE
r-oldrel-osx-x86_64 2.0 NOTE

Additional issues

gcc-ASAN

Check Details

Version: 2.0
Check: installed package size
Result: NOTE
     installed size is 12.8Mb
     sub-directories of 1Mb or more:
     doc 6.8Mb
     libs 5.7Mb
Flavors: r-devel-linux-x86_64-fedora-clang, r-devel-windows-ix86+x86_64, r-patched-solaris-x86, r-release-windows-ix86+x86_64, r-release-osx-x86_64, r-oldrel-windows-ix86+x86_64, r-oldrel-osx-x86_64

Version: 2.0
Check: package dependencies
Result: NOTE
    Packages suggested but not available for checking:
     ‘av’ ‘rsvg’ ‘tesseract’ ‘gifski’
Flavor: r-patched-solaris-x86

Version: 2.0
Check: Rd cross-references
Result: NOTE
    Packages unavailable to check Rd xrefs: ‘rsvg’, ‘tesseract’, ‘gifski’, ‘av’
Flavor: r-patched-solaris-x86

Version: 2.0
Check: re-building of vignette outputs
Result: WARN
    Error in re-building vignettes:
     ...
    Warning in engine$weave(file, quiet = quiet, encoding = enc) :
     Pandoc (>= 1.12.3) and/or pandoc-citeproc not available. Falling back to R Markdown v1.
    Warning in library(package, lib.loc = lib.loc, character.only = TRUE, logical.return = TRUE, :
     there is no package called 'rsvg'
    Warning in library(package, lib.loc = lib.loc, character.only = TRUE, logical.return = TRUE, :
     there is no package called 'rsvg'
    Quitting from lines 228-237 (intro.Rmd)
    Error: processing vignette 'intro.Rmd' failed with diagnostics:
    Magick: non-conforming drawing primitive definition `text' @ error/draw.c/RenderMVGContent/4354
    Execution halted
Flavor: r-patched-solaris-x86