CRAN Package Check Results for Package magick

Last updated on 2018-08-17 00:49:51 CEST.

Flavor Version Tinstall Tcheck Ttotal Status Flags
r-devel-linux-x86_64-debian-clang 1.9 99.60 133.10 232.70 OK
r-devel-linux-x86_64-debian-gcc 1.9 89.33 132.14 221.47 OK
r-devel-linux-x86_64-fedora-clang 1.9 415.99 NOTE
r-devel-linux-x86_64-fedora-gcc 1.9 372.83 OK
r-devel-windows-ix86+x86_64 1.9 233.00 345.00 578.00 NOTE
r-patched-linux-x86_64 1.9 109.64 144.13 253.77 OK
r-patched-solaris-x86 1.9 238.60 WARN
r-release-linux-x86_64 1.9 108.51 135.31 243.82 OK
r-release-windows-ix86+x86_64 1.9 329.00 358.00 687.00 NOTE
r-release-osx-x86_64 1.9 NOTE
r-oldrel-windows-ix86+x86_64 1.9 328.00 369.00 697.00 NOTE
r-oldrel-osx-x86_64 1.9 NOTE

Additional issues

gcc-ASAN

Check Details

Version: 1.9
Check: installed package size
Result: NOTE
     installed size is 12.1Mb
     sub-directories of 1Mb or more:
     doc 6.8Mb
     libs 5.0Mb
Flavors: r-devel-linux-x86_64-fedora-clang, r-devel-windows-ix86+x86_64, r-patched-solaris-x86, r-release-windows-ix86+x86_64, r-release-osx-x86_64, r-oldrel-windows-ix86+x86_64, r-oldrel-osx-x86_64

Version: 1.9
Check: package dependencies
Result: NOTE
    Packages suggested but not available for checking: ‘rsvg’ ‘tesseract’
Flavor: r-patched-solaris-x86

Version: 1.9
Check: Rd cross-references
Result: NOTE
    Packages unavailable to check Rd xrefs: ‘rsvg’, ‘tesseract’
Flavor: r-patched-solaris-x86

Version: 1.9
Check: re-building of vignette outputs
Result: WARN
    Error in re-building vignettes:
     ...
    Warning in engine$weave(file, quiet = quiet, encoding = enc) :
     Pandoc (>= 1.12.3) and/or pandoc-citeproc not available. Falling back to R Markdown v1.
    Warning in library(package, lib.loc = lib.loc, character.only = TRUE, logical.return = TRUE, :
     there is no package called 'rsvg'
    Warning in library(package, lib.loc = lib.loc, character.only = TRUE, logical.return = TRUE, :
     there is no package called 'rsvg'
    Quitting from lines 228-237 (intro.Rmd)
    Error: processing vignette 'intro.Rmd' failed with diagnostics:
    Magick: non-conforming drawing primitive definition `text' @ error/draw.c/DrawImage/3308
    Execution halted
Flavor: r-patched-solaris-x86