CRAN Package Check Results for Package magick

Last updated on 2018-02-22 12:49:06 CET.

Flavor Version Tinstall Tcheck Ttotal Status Flags
r-devel-linux-x86_64-debian-clang 1.6 100.12 96.52 196.64 OK
r-devel-linux-x86_64-debian-gcc 1.6 73.95 104.81 178.76 OK
r-devel-linux-x86_64-fedora-clang 1.6 322.07 NOTE
r-devel-linux-x86_64-fedora-gcc 1.6 243.91 NOTE
r-devel-windows-ix86+x86_64 1.6 328.00 278.00 606.00 NOTE
r-patched-linux-x86_64 1.6 89.04 116.62 205.66 OK
r-patched-solaris-x86 1.6 47.30 ERROR
r-release-linux-x86_64 1.6 95.46 134.22 229.68 OK
r-release-windows-ix86+x86_64 1.6 318.00 313.00 631.00 NOTE
r-release-osx-x86_64 1.6 NOTE
r-oldrel-windows-ix86+x86_64 1.6 255.00 270.00 525.00 NOTE
r-oldrel-osx-x86_64 1.6 NOTE

Check Details

Version: 1.6
Check: installed package size
Result: NOTE
     installed size is 11.6Mb
     sub-directories of 1Mb or more:
     doc 6.7Mb
     libs 4.6Mb
Flavors: r-devel-linux-x86_64-fedora-clang, r-devel-linux-x86_64-fedora-gcc, r-devel-windows-ix86+x86_64, r-release-windows-ix86+x86_64, r-release-osx-x86_64, r-oldrel-windows-ix86+x86_64, r-oldrel-osx-x86_64

Version: 1.6
Check: package dependencies
Result: NOTE
    Packages suggested but not available for checking: ‘rsvg’ ‘tesseract’
Flavor: r-patched-solaris-x86

Version: 1.6
Check: whether package can be installed
Result: ERROR
    Installation failed.
Flavor: r-patched-solaris-x86

Version: 1.6
Check: dependencies in R code
Result: NOTE
    objc[7063]: Class GNotificationCenterDelegate is implemented in both /Builds/CRAN-QA-Simon/packages/mavericks-x86_64/results/3.3/magick.Rcheck/magick/libs/magick.so and /Builds/CRAN-QA-Simon/packages/mavericks-x86_64/Rlib/3.3/rsvg/libs/rsvg.so. One of the two will be used. Which one is undefined.
Flavor: r-oldrel-osx-x86_64