CRAN Package Check Results for Package magick

Last updated on 2022-09-29 10:52:48 CEST.

Flavor Version Tinstall Tcheck Ttotal Status Flags
r-devel-linux-x86_64-debian-clang 2.7.3 151.42 256.39 407.81 OK
r-devel-linux-x86_64-debian-gcc 2.7.3 97.51 194.05 291.56 OK
r-devel-linux-x86_64-fedora-clang 2.7.3 581.39 NOTE
r-devel-linux-x86_64-fedora-gcc 2.7.3 479.20 OK
r-devel-windows-x86_64 2.7.3 204.00 401.00 605.00 NOTE
r-patched-linux-x86_64 2.7.3 123.95 203.70 327.65 OK
r-release-linux-x86_64 2.7.3 124.54 200.17 324.71 OK
r-release-macos-arm64 2.7.3 110.00 NOTE
r-release-macos-x86_64 2.7.3 193.00 NOTE
r-release-windows-x86_64 2.7.3 188.00 410.00 598.00 NOTE
r-oldrel-macos-arm64 2.7.3 132.00 NOTE
r-oldrel-macos-x86_64 2.7.3 174.00 NOTE
r-oldrel-windows-ix86+x86_64 2.7.3 395.00 478.00 873.00 NOTE

Check Details

Version: 2.7.3
Check: installed package size
Result: NOTE
     installed size is 7.8Mb
     sub-directories of 1Mb or more:
     doc 6.6Mb
Flavors: r-devel-linux-x86_64-fedora-clang, r-devel-windows-x86_64, r-release-macos-arm64, r-release-macos-x86_64, r-release-windows-x86_64, r-oldrel-macos-arm64, r-oldrel-macos-x86_64, r-oldrel-windows-ix86+x86_64

Version: 2.7.3
Check: package dependencies
Result: NOTE
    Packages suggested but not available for checking: 'pdftools', 'tesseract'
Flavor: r-release-macos-x86_64

Version: 2.7.3
Check: Rd cross-references
Result: NOTE
    Packages unavailable to check Rd xrefs: ‘pdftools’, ‘tesseract’
Flavor: r-release-macos-x86_64