CRAN Package Check Results for Package magrittr

Last updated on 2024-07-13 23:29:20 CEST.

Flavor Version Tinstall Tcheck Ttotal Status Flags
r-devel-linux-x86_64-debian-clang 2.0.3 2.97 35.71 38.68 NOTE
r-devel-linux-x86_64-debian-gcc 2.0.3 1.99 27.91 29.90 NOTE
r-devel-linux-x86_64-fedora-clang 2.0.3 53.45 NOTE
r-devel-linux-x86_64-fedora-gcc 2.0.3 60.82 NOTE
r-devel-windows-x86_64 2.0.3 7.00 61.00 68.00 NOTE
r-patched-linux-x86_64 2.0.3 2.47 33.89 36.36 OK
r-release-linux-x86_64 2.0.3 2.89 33.40 36.29 OK
r-release-macos-arm64 2.0.3 42.00 OK
r-release-macos-x86_64 2.0.3 68.00 OK
r-release-windows-x86_64 2.0.3 8.00 59.00 67.00 OK
r-oldrel-macos-arm64 2.0.3 45.00 OK
r-oldrel-macos-x86_64 2.0.3 43.00 OK
r-oldrel-windows-x86_64 2.0.3 7.00 59.00 66.00 OK

Check Details

Version: 2.0.3
Check: compiled code
Result: NOTE File ‘magrittr/libs/magrittr.so’: Found non-API calls to R: ‘Rf_findVarInFrame3’, ‘SET_ENCLOS’, ‘SET_PRCODE’, ‘SET_PRENV’, ‘SET_PRVALUE’ Compiled code should not call non-API entry points in R. See ‘Writing portable packages’ in the ‘Writing R Extensions’ manual, and section ‘Moving into C API compliance’ for issues with the use of non-API entry points. Flavors: r-devel-linux-x86_64-debian-clang, r-devel-linux-x86_64-debian-gcc, r-devel-linux-x86_64-fedora-clang, r-devel-linux-x86_64-fedora-gcc

Version: 2.0.3
Check: compiled code
Result: NOTE File 'magrittr/libs/x64/magrittr.dll': Found non-API calls to R: 'Rf_findVarInFrame3', 'SET_ENCLOS', 'SET_PRCODE', 'SET_PRENV', 'SET_PRVALUE' Compiled code should not call non-API entry points in R. See 'Writing portable packages' in the 'Writing R Extensions' manual, and section 'Moving into C API compliance' for issues with the use of non-API entry points. Flavor: r-devel-windows-x86_64