Last updated on 2022-05-20 01:51:09 CEST.
Flavor | Version | Tinstall | Tcheck | Ttotal | Status | Flags |
---|---|---|---|---|---|---|
r-devel-linux-x86_64-debian-clang | 1.0.1 | 9.86 | 144.44 | 154.30 | NOTE | |
r-devel-linux-x86_64-debian-gcc | 1.0.1 | 6.46 | 106.76 | 113.22 | NOTE | |
r-devel-linux-x86_64-fedora-clang | 1.0.1 | 176.38 | NOTE | |||
r-devel-linux-x86_64-fedora-gcc | 1.0.1 | 169.00 | NOTE | |||
r-devel-windows-x86_64 | 1.0.1 | 73.00 | 244.00 | 317.00 | NOTE | |
r-patched-linux-x86_64 | 1.0.1 | 13.36 | 135.51 | 148.87 | NOTE | |
r-release-linux-x86_64 | 1.0.1 | 8.96 | 133.71 | 142.67 | NOTE | |
r-release-macos-arm64 | 1.0.1 | 104.00 | NOTE | |||
r-release-macos-x86_64 | 1.0.1 | 148.00 | NOTE | |||
r-release-windows-x86_64 | 1.0.1 | 86.00 | 250.00 | 336.00 | NOTE | |
r-oldrel-macos-arm64 | 1.0.1 | 952.00 | NOTE | |||
r-oldrel-macos-x86_64 | 1.0.1 | 59.00 | NOTE | |||
r-oldrel-windows-ix86+x86_64 | 1.0.1 | 20.00 | 248.00 | 268.00 | NOTE |
Version: 1.0.1
Check: LazyData
Result: NOTE
'LazyData' is specified without a 'data' directory
Flavors: r-devel-linux-x86_64-debian-clang, r-devel-linux-x86_64-debian-gcc, r-devel-linux-x86_64-fedora-clang, r-devel-linux-x86_64-fedora-gcc, r-devel-windows-x86_64, r-patched-linux-x86_64, r-release-linux-x86_64, r-release-macos-arm64, r-release-macos-x86_64, r-release-windows-x86_64, r-oldrel-macos-arm64, r-oldrel-macos-x86_64, r-oldrel-windows-ix86+x86_64
Version: 1.0.1
Check: dependencies in R code
Result: NOTE
Namespace in Imports field not imported from: ‘grid’
All declared Imports should be used.
Flavors: r-devel-linux-x86_64-fedora-clang, r-devel-linux-x86_64-fedora-gcc, r-release-macos-arm64, r-release-macos-x86_64, r-oldrel-macos-arm64, r-oldrel-macos-x86_64