CRAN Package Check Results for Package manet

Last updated on 2018-05-28 10:48:55 CEST.

Flavor Version Tinstall Tcheck Ttotal Status Flags
r-devel-linux-x86_64-debian-clang 1.0 4.53 65.58 70.11 OK
r-devel-linux-x86_64-debian-gcc 1.0 4.42 56.86 61.28 OK
r-devel-linux-x86_64-fedora-clang 1.0 99.25 OK
r-devel-linux-x86_64-fedora-gcc 1.0 92.99 OK
r-devel-windows-ix86+x86_64 1.0 10.00 112.00 122.00 OK
r-patched-linux-x86_64 1.0 4.93 60.98 65.91 NOTE
r-patched-solaris-x86 1.0 128.20 OK
r-release-linux-x86_64 1.0 3.38 61.56 64.94 NOTE
r-release-windows-ix86+x86_64 1.0 11.00 99.00 110.00 OK
r-release-osx-x86_64 1.0 OK
r-oldrel-windows-ix86+x86_64 1.0 11.00 76.00 87.00 OK
r-oldrel-osx-x86_64 1.0 OK

Check Details

Version: 1.0
Check: DESCRIPTION meta-information
Result: NOTE
    Dependence on R version ‘3.3.3’ not with patchlevel 0
Flavors: r-patched-linux-x86_64, r-release-linux-x86_64