CRAN Package Check Results for Package manet

Last updated on 2018-02-18 02:47:04 CET.

Flavor Version Tinstall Tcheck Ttotal Status Flags
r-devel-linux-x86_64-debian-clang 1.0 4.61 62.24 66.85 NOTE
r-devel-linux-x86_64-debian-gcc 1.0 4.07 49.20 53.27 NOTE
r-devel-linux-x86_64-fedora-clang 1.0 80.65 NOTE
r-devel-linux-x86_64-fedora-gcc 1.0 79.96 NOTE
r-devel-windows-ix86+x86_64 1.0 10.00 91.00 101.00 OK
r-patched-linux-x86_64 1.0 3.66 64.07 67.73 OK
r-patched-solaris-x86 1.0 132.90 OK
r-release-linux-x86_64 1.0 4.52 63.05 67.57 OK
r-release-windows-ix86+x86_64 1.0 13.00 99.00 112.00 OK
r-release-osx-x86_64 1.0 OK
r-oldrel-windows-ix86+x86_64 1.0 8.00 88.00 96.00 OK
r-oldrel-osx-x86_64 1.0 ERROR

Check Details

Version: 1.0
Check: DESCRIPTION meta-information
Result: NOTE
    Dependence on R version ‘3.3.3’ not with patchlevel 0
Flavors: r-devel-linux-x86_64-debian-clang, r-devel-linux-x86_64-debian-gcc, r-devel-linux-x86_64-fedora-clang, r-devel-linux-x86_64-fedora-gcc

Version: 1.0
Check: whether package can be installed
Result: ERROR
    Installation failed.
Flavor: r-oldrel-osx-x86_64