CRAN Package Check Results for Package manet

Last updated on 2018-08-17 07:47:37 CEST.

Flavor Version Tinstall Tcheck Ttotal Status Flags
r-devel-linux-x86_64-debian-clang 1.0 5.72 73.19 78.91 OK
r-devel-linux-x86_64-debian-gcc 1.0 4.56 58.31 62.87 OK
r-devel-linux-x86_64-fedora-clang 1.0 92.09 OK
r-devel-linux-x86_64-fedora-gcc 1.0 89.63 OK
r-devel-windows-ix86+x86_64 1.0 13.00 109.00 122.00 OK
r-patched-linux-x86_64 1.0 4.48 61.93 66.41 NOTE
r-patched-solaris-x86 1.0 135.30 OK
r-release-linux-x86_64 1.0 4.39 61.94 66.33 NOTE
r-release-windows-ix86+x86_64 1.0 12.00 99.00 111.00 OK
r-release-osx-x86_64 1.0 OK
r-oldrel-windows-ix86+x86_64 1.0 12.00 75.00 87.00 OK
r-oldrel-osx-x86_64 1.0 OK

Check Details

Version: 1.0
Check: DESCRIPTION meta-information
Result: NOTE
    Dependence on R version ‘3.3.3’ not with patchlevel 0
Flavors: r-patched-linux-x86_64, r-release-linux-x86_64