CRAN Package Check Results for Package manipulateWidget

Last updated on 2018-05-28 01:46:40 CEST.

Flavor Version Tinstall Tcheck Ttotal Status Flags
r-devel-linux-x86_64-debian-clang 0.9.0 4.43 40.43 44.86 OK
r-devel-linux-x86_64-debian-gcc 0.9.0 2.90 36.17 39.07 OK
r-devel-linux-x86_64-fedora-clang 0.9.0 62.57 OK
r-devel-linux-x86_64-fedora-gcc 0.9.0 57.31 OK
r-devel-windows-ix86+x86_64 0.9.0 7.00 64.00 71.00 OK
r-patched-linux-x86_64 0.9.0 3.92 42.46 46.38 OK
r-patched-solaris-x86 0.9.0 83.10 WARN
r-release-linux-x86_64 0.9.0 3.82 42.23 46.05 OK
r-release-windows-ix86+x86_64 0.9.0 11.00 85.00 96.00 OK
r-release-osx-x86_64 0.9.0 WARN
r-oldrel-windows-ix86+x86_64 0.9.0 9.00 65.00 74.00 OK
r-oldrel-osx-x86_64 0.9.0 WARN

Check Details

Version: 0.9.0
Check: re-building of vignette outputs
Result: WARN
    Error in re-building vignettes:
     ...
    Warning in engine$weave(file, quiet = quiet, encoding = enc) :
     Pandoc (>= 1.12.3) and/or pandoc-citeproc not available. Falling back to R Markdown v1.
    Quitting from lines 61-68 (manipulateWidgets.Rmd)
    Error: processing vignette 'manipulateWidgets.Rmd' failed with diagnostics:
    there is no package called 'webshot'
    Execution halted
Flavor: r-patched-solaris-x86

Version: 0.9.0
Check: re-building of vignette outputs
Result: WARN
    Error in re-building vignettes:
     ...
    Warning in engine$weave(file, quiet = quiet, encoding = enc) :
     Pandoc (>= 1.12.3) and/or pandoc-citeproc not available. Falling back to R Markdown v1.
    Warning in normalizePath(f2) :
     path[1]="./webshot25b878d689ce.png": No such file or directory
    Warning in file(con, "rb") :
     cannot open file './webshot25b878d689ce.png': No such file or directory
    Quitting from lines 61-68 (manipulateWidgets.Rmd)
    Error: processing vignette 'manipulateWidgets.Rmd' failed with diagnostics:
    cannot open the connection
    Execution halted
Flavor: r-release-osx-x86_64

Version: 0.9.0
Check: re-building of vignette outputs
Result: WARN
    Error in re-building vignettes:
     ...
    Warning in engine$weave(file, quiet = quiet, encoding = enc) :
     Pandoc (>= 1.12.3) and/or pandoc-citeproc not available. Falling back to R Markdown v1.
    Warning in normalizePath(f2) :
     path[1]="./webshot160865158fff6.png": No such file or directory
    Warning in file(con, "rb") :
     cannot open file './webshot160865158fff6.png': No such file or directory
    Quitting from lines 61-68 (manipulateWidgets.Rmd)
    Error: processing vignette 'manipulateWidgets.Rmd' failed with diagnostics:
    cannot open the connection
    Execution halted
Flavor: r-oldrel-osx-x86_64