CRAN Package Check Results for Package manipulateWidget

Last updated on 2018-08-20 23:48:02 CEST.

Flavor Version Tinstall Tcheck Ttotal Status Flags
r-devel-linux-x86_64-debian-clang 0.10.0 4.12 47.94 52.06 OK
r-devel-linux-x86_64-debian-gcc 0.10.0 3.43 38.71 42.14 OK
r-devel-linux-x86_64-fedora-clang 0.10.0 61.09 OK
r-devel-linux-x86_64-fedora-gcc 0.10.0 61.30 OK
r-devel-windows-ix86+x86_64 0.10.0 9.00 103.00 112.00 OK
r-patched-linux-x86_64 0.10.0 3.86 44.48 48.34 OK
r-patched-solaris-x86 0.10.0 88.60 WARN
r-release-linux-x86_64 0.10.0 5.23 44.12 49.35 OK
r-release-windows-ix86+x86_64 0.10.0 11.00 64.00 75.00 OK
r-release-osx-x86_64 0.10.0 WARN
r-oldrel-windows-ix86+x86_64 0.10.0 6.00 92.00 98.00 OK
r-oldrel-osx-x86_64 0.10.0 WARN

Check Details

Version: 0.10.0
Check: re-building of vignette outputs
Result: WARN
    Error in re-building vignettes:
     ...
    Warning in engine$weave(file, quiet = quiet, encoding = enc) :
     Pandoc (>= 1.12.3) and/or pandoc-citeproc not available. Falling back to R Markdown v1.
    Warning in normalizePath(f2) :
     path[1]="./webshot54087eab3df0.png": No such file or directory
    Warning in file(con, "rb") :
     cannot open file './webshot54087eab3df0.png': No such file or directory
    Quitting from lines 61-68 (manipulateWidgets.Rmd)
    Error: processing vignette 'manipulateWidgets.Rmd' failed with diagnostics:
    cannot open the connection
    Execution halted
Flavor: r-patched-solaris-x86

Version: 0.10.0
Check: re-building of vignette outputs
Result: WARN
    Error in re-building vignettes:
     ...
    Warning in engine$weave(file, quiet = quiet, encoding = enc) :
     Pandoc (>= 1.12.3) and/or pandoc-citeproc not available. Falling back to R Markdown v1.
    Warning in normalizePath(f2) :
     path[1]="./webshotd023306255d6.png": No such file or directory
    Warning in file(con, "rb") :
     cannot open file './webshotd023306255d6.png': No such file or directory
    Quitting from lines 61-68 (manipulateWidgets.Rmd)
    Error: processing vignette 'manipulateWidgets.Rmd' failed with diagnostics:
    cannot open the connection
    Execution halted
Flavor: r-release-osx-x86_64

Version: 0.10.0
Check: re-building of vignette outputs
Result: WARN
    Error in re-building vignettes:
     ...
    Warning in engine$weave(file, quiet = quiet, encoding = enc) :
     Pandoc (>= 1.12.3) and/or pandoc-citeproc not available. Falling back to R Markdown v1.
    Warning in normalizePath(f2) :
     path[1]="./webshotcd6c4bdcad34.png": No such file or directory
    Warning in file(con, "rb") :
     cannot open file './webshotcd6c4bdcad34.png': No such file or directory
    Quitting from lines 61-68 (manipulateWidgets.Rmd)
    Error: processing vignette 'manipulateWidgets.Rmd' failed with diagnostics:
    cannot open the connection
    Execution halted
Flavor: r-oldrel-osx-x86_64