CRAN Package Check Results for Package manipulateWidget

Last updated on 2018-11-17 13:47:33 CET.

Flavor Version Tinstall Tcheck Ttotal Status Flags
r-devel-linux-x86_64-debian-clang 0.10.0 2.77 46.02 48.79 OK
r-devel-linux-x86_64-debian-gcc 0.10.0 3.35 36.61 39.96 OK
r-devel-linux-x86_64-fedora-clang 0.10.0 63.97 OK
r-devel-linux-x86_64-fedora-gcc 0.10.0 56.19 OK
r-devel-windows-ix86+x86_64 0.10.0 9.00 92.00 101.00 OK
r-patched-linux-x86_64 0.10.0 4.25 44.22 48.47 OK
r-patched-solaris-x86 0.10.0 87.70 WARN
r-release-linux-x86_64 0.10.0 4.45 44.05 48.50 OK
r-release-windows-ix86+x86_64 0.10.0 12.00 71.00 83.00 OK
r-release-osx-x86_64 0.10.0 WARN
r-oldrel-windows-ix86+x86_64 0.10.0 9.00 105.00 114.00 OK
r-oldrel-osx-x86_64 0.10.0 WARN

Check Details

Version: 0.10.0
Check: re-building of vignette outputs
Result: WARN
    Error in re-building vignettes:
     ...
    Warning in engine$weave(file, quiet = quiet, encoding = enc) :
     Pandoc (>= 1.12.3) and/or pandoc-citeproc not available. Falling back to R Markdown v1.
    Warning in normalizePath(f2) :
     path[1]="./webshot17f562e223ba.png": No such file or directory
    Warning in file(con, "rb") :
     cannot open file './webshot17f562e223ba.png': No such file or directory
    Quitting from lines 61-68 (manipulateWidgets.Rmd)
    Error: processing vignette 'manipulateWidgets.Rmd' failed with diagnostics:
    cannot open the connection
    Execution halted
Flavor: r-patched-solaris-x86

Version: 0.10.0
Check: re-building of vignette outputs
Result: WARN
    Error in re-building vignettes:
     ...
    Warning in engine$weave(file, quiet = quiet, encoding = enc) :
     Pandoc (>= 1.12.3) and/or pandoc-citeproc not available. Falling back to R Markdown v1.
    Warning in normalizePath(f2) :
     path[1]="./webshotd023306255d6.png": No such file or directory
    Warning in file(con, "rb") :
     cannot open file './webshotd023306255d6.png': No such file or directory
    Quitting from lines 61-68 (manipulateWidgets.Rmd)
    Error: processing vignette 'manipulateWidgets.Rmd' failed with diagnostics:
    cannot open the connection
    Execution halted
Flavor: r-release-osx-x86_64

Version: 0.10.0
Check: re-building of vignette outputs
Result: WARN
    Error in re-building vignettes:
     ...
    Warning in engine$weave(file, quiet = quiet, encoding = enc) :
     Pandoc (>= 1.12.3) and/or pandoc-citeproc not available. Falling back to R Markdown v1.
    Warning in normalizePath(f2) :
     path[1]="./webshotcd6c4bdcad34.png": No such file or directory
    Warning in file(con, "rb") :
     cannot open file './webshotcd6c4bdcad34.png': No such file or directory
    Quitting from lines 61-68 (manipulateWidgets.Rmd)
    Error: processing vignette 'manipulateWidgets.Rmd' failed with diagnostics:
    cannot open the connection
    Execution halted
Flavor: r-oldrel-osx-x86_64