CRAN Package Check Results for Package manipulateWidget

Last updated on 2018-02-25 11:48:05 CET.

Flavor Version Tinstall Tcheck Ttotal Status Flags
r-devel-linux-x86_64-debian-clang 0.8.0 3.70 41.72 45.42 OK
r-devel-linux-x86_64-debian-gcc 0.8.0 3.55 33.04 36.59 OK
r-devel-linux-x86_64-fedora-clang 0.8.0 57.21 OK
r-devel-linux-x86_64-fedora-gcc 0.8.0 52.73 OK
r-devel-windows-ix86+x86_64 0.8.0 11.00 77.00 88.00 OK
r-patched-linux-x86_64 0.8.0 2.55 48.58 51.13 OK
r-patched-solaris-x86 0.8.0 79.90 WARN
r-release-linux-x86_64 0.8.0 2.15 47.65 49.80 OK
r-release-windows-ix86+x86_64 0.8.0 10.00 83.00 93.00 OK
r-release-osx-x86_64 0.8.0 WARN
r-oldrel-windows-ix86+x86_64 0.8.0 5.00 55.00 60.00 OK
r-oldrel-osx-x86_64 0.8.0 WARN

Check Details

Version: 0.8.0
Check: re-building of vignette outputs
Result: WARN
    Error in re-building vignettes:
     ...
    Warning in engine$weave(file, quiet = quiet, encoding = enc) :
     Pandoc (>= 1.12.3) and/or pandoc-citeproc not available. Falling back to R Markdown v1.
    Warning in normalizePath(f2) :
     path[1]="./webshot4005252d29be.png": No such file or directory
    Warning in file(con, "rb") :
     cannot open file './webshot4005252d29be.png': No such file or directory
    Quitting from lines 61-68 (manipulateWidgets.Rmd)
    Error: processing vignette 'manipulateWidgets.Rmd' failed with diagnostics:
    cannot open the connection
    Execution halted
Flavor: r-patched-solaris-x86

Version: 0.8.0
Check: re-building of vignette outputs
Result: WARN
    Error in re-building vignettes:
     ...
    Warning in engine$weave(file, quiet = quiet, encoding = enc) :
     Pandoc (>= 1.12.3) and/or pandoc-citeproc not available. Falling back to R Markdown v1.
    Warning in normalizePath(f2) :
     path[1]="./webshot163664486b528.png": No such file or directory
    Warning in file(con, "rb") :
     cannot open file './webshot163664486b528.png': No such file or directory
    Quitting from lines 61-68 (manipulateWidgets.Rmd)
    Error: processing vignette 'manipulateWidgets.Rmd' failed with diagnostics:
    cannot open the connection
    Execution halted
Flavor: r-release-osx-x86_64

Version: 0.8.0
Check: re-building of vignette outputs
Result: WARN
    Error in re-building vignettes:
     ...
    Warning in engine$weave(file, quiet = quiet, encoding = enc) :
     Pandoc (>= 1.12.3) and/or pandoc-citeproc not available. Falling back to R Markdown v1.
    Warning in normalizePath(f2) :
     path[1]="./webshotd9ac60a56041.png": No such file or directory
    Warning in file(con, "rb") :
     cannot open file './webshotd9ac60a56041.png': No such file or directory
    Quitting from lines 61-68 (manipulateWidgets.Rmd)
    Error: processing vignette 'manipulateWidgets.Rmd' failed with diagnostics:
    cannot open the connection
    Execution halted
Flavor: r-oldrel-osx-x86_64