CRAN Package Check Results for Package mapfuser

Last updated on 2018-05-27 13:47:20 CEST.

Flavor Version Tinstall Tcheck Ttotal Status Flags
r-devel-linux-x86_64-debian-clang 0.1.2 8.19 103.42 111.61 OK
r-devel-linux-x86_64-debian-gcc 0.1.2 7.13 81.24 88.37 OK
r-devel-linux-x86_64-fedora-clang 0.1.2 144.06 OK
r-devel-linux-x86_64-fedora-gcc 0.1.2 133.66 OK
r-devel-windows-ix86+x86_64 0.1.2 20.00 121.00 141.00 OK
r-patched-linux-x86_64 0.1.2 6.12 88.27 94.39 OK
r-patched-solaris-x86 0.1.2 178.70 WARN
r-release-linux-x86_64 0.1.2 6.56 87.66 94.22 OK
r-release-windows-ix86+x86_64 0.1.2 24.00 156.00 180.00 OK
r-release-osx-x86_64 0.1.2 ERROR
r-oldrel-windows-ix86+x86_64 0.1.2 28.00 116.00 144.00 OK
r-oldrel-osx-x86_64 0.1.2 ERROR

Check Details

Version: 0.1.2
Check: re-building of vignette outputs
Result: WARN
    Error in re-building vignettes:
     ...
    Warning in engine$weave(file, quiet = quiet, encoding = enc) :
     Pandoc (>= 1.12.3) and/or pandoc-citeproc not available. Falling back to R Markdown v1.
    Loading required package: igraph
    
    Attaching package: 'igraph'
    
    The following objects are masked from 'package:stats':
    
     decompose, spectrum
    
    The following object is masked from 'package:base':
    
     union
    
    Quitting from lines 57-64 (mapfuser.Rmd)
    Error: processing vignette 'mapfuser.Rmd' failed with diagnostics:
    there is no package called 'webshot'
    Execution halted
Flavor: r-patched-solaris-x86

Version: 0.1.2
Check: package dependencies
Result: ERROR
    Package required but not available: ‘LPmerge’
    
    See section ‘The DESCRIPTION file’ in the ‘Writing R Extensions’
    manual.
Flavors: r-release-osx-x86_64, r-oldrel-osx-x86_64