CRAN Package Check Results for Package mapproj

Last updated on 2018-02-21 09:50:33 CET.

Flavor Version Tinstall Tcheck Ttotal Status Flags
r-devel-linux-x86_64-debian-clang 1.2-5 5.67 17.47 23.14 WARN
r-devel-linux-x86_64-debian-gcc 1.2-5 4.15 13.80 17.95 OK
r-devel-linux-x86_64-fedora-clang 1.2-5 27.65 WARN
r-devel-linux-x86_64-fedora-gcc 1.2-5 26.13 OK
r-devel-windows-ix86+x86_64 1.2-5 40.00 37.00 77.00 OK
r-patched-linux-x86_64 1.2-5 4.80 16.88 21.68 OK
r-patched-solaris-x86 1.2-5 41.30 OK
r-release-linux-x86_64 1.2-5 5.04 17.00 22.04 OK
r-release-windows-ix86+x86_64 1.2-5 42.00 42.00 84.00 OK
r-release-osx-x86_64 1.2-5 OK
r-oldrel-windows-ix86+x86_64 1.2-5 60.00 51.00 111.00 OK
r-oldrel-osx-x86_64 1.2-5 OK

Check Details

Version: 1.2-5
Check: whether package can be installed
Result: WARN
    Found the following significant warnings:
     perspective.c:12:23: warning: using floating point absolute value function 'fabs' when argument is of integer type [-Wabsolute-value]
Flavors: r-devel-linux-x86_64-debian-clang, r-devel-linux-x86_64-fedora-clang