CRAN Package Check Results for Package maps

Last updated on 2020-06-01 19:47:10 CEST.

Flavor Version Tinstall Tcheck Ttotal Status Flags
r-devel-linux-x86_64-debian-clang 3.3.0 8.69 35.40 44.09 OK
r-devel-linux-x86_64-debian-gcc 3.3.0 6.44 28.39 34.83 OK
r-devel-linux-x86_64-fedora-clang 3.3.0 62.97 OK
r-devel-linux-x86_64-fedora-gcc 3.3.0 52.80 OK
r-devel-windows-ix86+x86_64 3.3.0 44.00 70.00 114.00 OK
r-patched-linux-x86_64 3.3.0 7.47 35.60 43.07 OK
r-patched-solaris-x86 3.3.0 82.80 NOTE
r-release-linux-x86_64 3.3.0 7.81 35.85 43.66 OK
r-release-osx-x86_64 3.3.0 OK
r-release-windows-ix86+x86_64 3.3.0 35.00 152.00 187.00 OK
r-oldrel-osx-x86_64 3.3.0 OK
r-oldrel-windows-ix86+x86_64 3.3.0 44.00 65.00 109.00 OK

Check Details

Version: 3.3.0
Check: installed package size
Result: NOTE
     installed size is 5.3Mb
     sub-directories of 1Mb or more:
     mapdata 4.2Mb
Flavor: r-patched-solaris-x86