CRAN Package Check Results for Package mapsFinland

Last updated on 2022-05-27 14:53:02 CEST.

Flavor Version Tinstall Tcheck Ttotal Status Flags
r-devel-linux-x86_64-debian-clang 0.1.1 3.89 31.14 35.03 OK
r-devel-linux-x86_64-debian-gcc 0.1.1 3.55 24.50 28.05 OK
r-devel-linux-x86_64-fedora-clang 0.1.1 43.65 NOTE
r-devel-linux-x86_64-fedora-gcc 0.1.1 31.99 NOTE
r-devel-windows-x86_64 0.1.1 31.00 51.00 82.00 OK
r-patched-linux-x86_64 0.1.1 3.87 30.07 33.94 OK
r-release-linux-x86_64 0.1.1 3.04 30.80 33.84 OK
r-release-macos-arm64 0.1.1 15.00 NOTE
r-release-macos-x86_64 0.1.1 21.00 NOTE
r-release-windows-x86_64 0.1.1 44.00 48.00 92.00 OK
r-oldrel-macos-arm64 0.1.1 18.00 NOTE
r-oldrel-macos-x86_64 0.1.1 31.00 NOTE
r-oldrel-windows-ix86+x86_64 0.1.1 7.00 40.00 47.00 OK

Check Details

Version: 0.1.1
Check: data for non-ASCII characters
Result: NOTE
     Note: found 996 marked UTF-8 strings
Flavors: r-devel-linux-x86_64-fedora-clang, r-devel-linux-x86_64-fedora-gcc, r-release-macos-arm64, r-release-macos-x86_64, r-oldrel-macos-arm64, r-oldrel-macos-x86_64