CRAN Package Check Results for Package mapsFinland

Last updated on 2024-02-27 06:02:12 CET.

Flavor Version Tinstall Tcheck Ttotal Status Flags
r-devel-linux-x86_64-debian-clang 0.2.2 3.71 28.98 32.69 OK
r-devel-linux-x86_64-debian-gcc 0.2.2 3.33 22.91 26.24 OK
r-devel-linux-x86_64-fedora-clang 0.2.2 41.23 NOTE
r-devel-linux-x86_64-fedora-gcc 0.2.2 41.05 NOTE
r-devel-windows-x86_64 0.2.2 5.00 47.00 52.00 OK
r-patched-linux-x86_64 0.2.2 3.27 29.04 32.31 OK
r-release-linux-x86_64 0.2.2 4.15 29.32 33.47 OK
r-release-macos-arm64 0.2.2 27.00 OK
r-release-macos-x86_64 0.2.2 35.00 OK
r-release-windows-x86_64 0.2.2 6.00 47.00 53.00 OK
r-oldrel-macos-arm64 0.2.2 27.00 OK
r-oldrel-windows-x86_64 0.2.2 6.00 52.00 58.00 OK

Check Details

Version: 0.2.2
Check: data for non-ASCII characters
Result: NOTE Note: found 1056 marked UTF-8 strings Flavors: r-devel-linux-x86_64-fedora-clang, r-devel-linux-x86_64-fedora-gcc