CRAN Package Check Results for Package maraca

Last updated on 2024-02-21 11:56:28 CET.

Flavor Version Tinstall Tcheck Ttotal Status Flags
r-devel-linux-x86_64-debian-clang 0.6 OK
r-devel-linux-x86_64-debian-gcc 0.6 3.07 61.24 64.31 OK
r-devel-linux-x86_64-fedora-clang 0.6 103.37 NOTE
r-devel-linux-x86_64-fedora-gcc 0.6 112.75 OK
r-devel-windows-x86_64 0.6 5.00 81.00 86.00 NOTE
r-patched-linux-x86_64 0.6 3.62 79.59 83.21 OK
r-release-linux-x86_64 0.6 2.30 78.65 80.95 OK
r-release-macos-arm64 0.6 46.00 NOTE
r-release-macos-x86_64 0.6 80.00 NOTE
r-release-windows-x86_64 0.6 6.00 92.00 98.00 NOTE
r-oldrel-macos-arm64 0.6 55.00 NOTE
r-oldrel-windows-x86_64 0.6 6.00 93.00 99.00 NOTE

Check Details

Version: 0.6
Check: installed package size
Result: NOTE installed size is 5.5Mb sub-directories of 1Mb or more: doc 4.4Mb Flavors: r-devel-linux-x86_64-fedora-clang, r-devel-windows-x86_64, r-release-macos-arm64, r-release-macos-x86_64, r-release-windows-x86_64, r-oldrel-macos-arm64, r-oldrel-windows-x86_64