CRAN Package Check Results for Package marg

Last updated on 2022-08-12 05:52:51 CEST.

Flavor Version Tinstall Tcheck Ttotal Status Flags
r-devel-linux-x86_64-debian-clang 1.2-2.1 9.88 86.16 96.04 NOTE
r-devel-linux-x86_64-debian-gcc 1.2-2.1 9.93 66.82 76.75 NOTE
r-devel-linux-x86_64-fedora-clang 1.2-2.1 122.93 NOTE
r-devel-linux-x86_64-fedora-gcc 1.2-2.1 122.48 NOTE
r-devel-windows-x86_64 1.2-2.1 24.00 117.00 141.00 NOTE
r-patched-linux-x86_64 1.2-2.1 11.38 81.77 93.15 OK
r-release-linux-x86_64 1.2-2.1 11.41 82.45 93.86 OK
r-release-macos-arm64 1.2-2.1 34.00 OK
r-release-macos-x86_64 1.2-2.1 47.00 OK
r-release-windows-x86_64 1.2-2.1 29.00 109.00 138.00 OK
r-oldrel-macos-arm64 1.2-2.1 42.00 OK
r-oldrel-macos-x86_64 1.2-2.1 67.00 OK
r-oldrel-windows-ix86+x86_64 1.2-2.1 22.00 99.00 121.00 OK

Check Details

Version: 1.2-2.1
Check: Rd files
Result: NOTE
    checkRd: (-1) residuals.rsm.Rd:74: Escaped LaTeX specials: \&
Flavors: r-devel-linux-x86_64-debian-clang, r-devel-linux-x86_64-debian-gcc, r-devel-linux-x86_64-fedora-clang, r-devel-linux-x86_64-fedora-gcc, r-devel-windows-x86_64