CRAN Package Check Results for Package marg

Last updated on 2024-02-21 00:54:33 CET.

Flavor Version Tinstall Tcheck Ttotal Status Flags
r-devel-linux-x86_64-debian-clang 1.2-2.1 NOTE
r-devel-linux-x86_64-debian-gcc 1.2-2.1 9.31 70.30 79.61 NOTE
r-devel-linux-x86_64-fedora-clang 1.2-2.1 126.19 NOTE
r-devel-linux-x86_64-fedora-gcc 1.2-2.1 125.46 NOTE
r-devel-windows-x86_64 1.2-2.1 10.00 95.00 105.00 NOTE
r-patched-linux-x86_64 1.2-2.1 12.91 90.68 103.59 NOTE
r-release-linux-x86_64 1.2-2.1 9.67 90.50 100.17 NOTE
r-release-macos-arm64 1.2-2.1 40.00 NOTE
r-release-macos-x86_64 1.2-2.1 66.00 NOTE
r-release-windows-x86_64 1.2-2.1 13.00 110.00 123.00 NOTE
r-oldrel-macos-arm64 1.2-2.1 37.00 OK
r-oldrel-windows-x86_64 1.2-2.1 14.00 103.00 117.00 OK

Check Details

Version: 1.2-2.1
Check: Rd files
Result: NOTE checkRd: (-1) residuals.rsm.Rd:74: Escaped LaTeX specials: \& Flavors: r-devel-linux-x86_64-debian-clang, r-devel-linux-x86_64-debian-gcc, r-devel-linux-x86_64-fedora-clang, r-devel-linux-x86_64-fedora-gcc, r-devel-windows-x86_64, r-patched-linux-x86_64, r-release-linux-x86_64, r-release-macos-arm64, r-release-macos-x86_64, r-release-windows-x86_64

Version: 1.2-2.1
Check: package dependencies
Result: NOTE Packages suggested but not available for checking: 'csampling', 'nlreg' Flavor: r-release-macos-x86_64