CRAN Package Check Results for Package markdown

Last updated on 2018-08-19 20:50:16 CEST.

Flavor Version Tinstall Tcheck Ttotal Status Flags
r-devel-linux-x86_64-debian-clang 0.8 5.47 23.15 28.62 ERROR
r-devel-linux-x86_64-debian-gcc 0.8 4.04 19.08 23.12 OK
r-devel-linux-x86_64-fedora-clang 0.8 36.07 OK
r-devel-linux-x86_64-fedora-gcc 0.8 34.35 OK
r-devel-windows-ix86+x86_64 0.8 27.00 59.00 86.00 OK
r-patched-linux-x86_64 0.8 4.15 21.97 26.12 OK
r-patched-solaris-x86 0.8 50.80 OK
r-release-linux-x86_64 0.8 4.91 21.69 26.60 OK
r-release-windows-ix86+x86_64 0.8 31.00 45.00 76.00 OK
r-release-osx-x86_64 0.8 OK
r-oldrel-windows-ix86+x86_64 0.8 22.00 59.00 81.00 OK
r-oldrel-osx-x86_64 0.8 OK

Additional issues

clang-UBSAN valgrind

Check Details

Version: 0.8
Check: tests
Result: ERROR
     Running ‘b64EncodeFile.R’ [0s/1s]
    Running the tests in ‘tests/b64EncodeFile.R’ failed.
    Complete output:
     > library(markdown)
     >
     > ## Download
     > url = "https://www.r-project.org/Rlogo.png"
     > path = tempdir()
     > pathname = file.path(tempdir(), basename(url))
     > if (!file_test("-f", pathname)) download.file(url, pathname)
     trying URL 'https://www.r-project.org/Rlogo.png'
     Error in download.file(url, pathname) :
     cannot open URL 'https://www.r-project.org/Rlogo.png'
     In addition: Warning message:
     In download.file(url, pathname) :
     URL 'https://www.r-project.org/Rlogo.png': status was 'Peer certificate cannot be authenticated with given CA certificates'
     Execution halted
Flavor: r-devel-linux-x86_64-debian-clang