Last updated on 2021-01-26 18:50:46 CET.
Flavor | Version | Tinstall | Tcheck | Ttotal | Status | Flags |
---|---|---|---|---|---|---|
r-devel-linux-x86_64-debian-clang | 1.2.6 | 34.02 | 209.21 | 243.23 | OK | |
r-devel-linux-x86_64-debian-gcc | 1.2.6 | 25.24 | 155.02 | 180.26 | OK | |
r-devel-linux-x86_64-fedora-clang | 1.2.6 | 293.79 | NOTE | |||
r-devel-linux-x86_64-fedora-gcc | 1.2.6 | 289.02 | NOTE | |||
r-devel-windows-ix86+x86_64 | 1.2.6 | 80.00 | 242.00 | 322.00 | OK | |
r-patched-linux-x86_64 | 1.2.6 | 29.10 | 189.74 | 218.84 | OK | |
r-patched-solaris-x86 | 1.2.6 | 416.80 | NOTE | |||
r-release-linux-x86_64 | 1.2.6 | 30.23 | 193.52 | 223.75 | OK | |
r-release-macos-x86_64 | 1.2.6 | NOTE | ||||
r-release-windows-ix86+x86_64 | 1.2.6 | 80.00 | 228.00 | 308.00 | OK | |
r-oldrel-macos-x86_64 | 1.2.6 | NOTE | ||||
r-oldrel-windows-ix86+x86_64 | 1.2.6 | 67.00 | 279.00 | 346.00 | OK |
Version: 1.2.6
Check: dependencies in R code
Result: NOTE
Namespaces in Imports field not imported from:
‘bookdown’ ‘kableExtra’ ‘knitr’
All declared Imports should be used.
Flavors: r-devel-linux-x86_64-fedora-clang, r-devel-linux-x86_64-fedora-gcc, r-patched-solaris-x86, r-release-macos-x86_64, r-oldrel-macos-x86_64