Last updated on 2022-05-28 15:51:01 CEST.
Flavor | Version | Tinstall | Tcheck | Ttotal | Status | Flags |
---|---|---|---|---|---|---|
r-devel-linux-x86_64-debian-clang | 0.1.1 | 60.64 | 112.42 | 173.06 | OK | |
r-devel-linux-x86_64-debian-gcc | 0.1.1 | 50.66 | 82.72 | 133.38 | OK | |
r-devel-linux-x86_64-fedora-clang | 0.1.1 | 230.09 | NOTE | |||
r-devel-linux-x86_64-fedora-gcc | 0.1.1 | 193.43 | OK | |||
r-devel-windows-x86_64 | 0.1.1 | 57.00 | 155.00 | 212.00 | NOTE | |
r-patched-linux-x86_64 | 0.1.1 | 56.05 | 103.69 | 159.74 | OK | |
r-release-linux-x86_64 | 0.1.1 | 51.49 | 101.28 | 152.77 | OK | |
r-release-macos-arm64 | 0.1.1 | 64.00 | NOTE | |||
r-release-macos-x86_64 | 0.1.1 | 87.00 | NOTE | |||
r-release-windows-x86_64 | 0.1.1 | 58.00 | 145.00 | 203.00 | NOTE | |
r-oldrel-macos-arm64 | 0.1.1 | 77.00 | NOTE | |||
r-oldrel-macos-x86_64 | 0.1.1 | 98.00 | NOTE | |||
r-oldrel-windows-ix86+x86_64 | 0.1.1 | 141.00 | 166.00 | 307.00 | NOTE |
Version: 0.1.1
Check: installed package size
Result: NOTE
installed size is 13.6Mb
sub-directories of 1Mb or more:
examples 2.7Mb
libs 9.6Mb
Flavors: r-devel-linux-x86_64-fedora-clang, r-devel-windows-x86_64, r-release-macos-arm64, r-release-macos-x86_64, r-release-windows-x86_64, r-oldrel-macos-arm64, r-oldrel-macos-x86_64, r-oldrel-windows-ix86+x86_64