CRAN Package Check Results for Package markovchain

Last updated on 2018-08-19 06:46:48 CEST.

Flavor Version Tinstall Tcheck Ttotal Status Flags
r-devel-linux-x86_64-debian-clang 0.6.9.11 117.43 244.70 362.13 OK
r-devel-linux-x86_64-debian-gcc 0.6.9.11 121.46 186.28 307.74 OK
r-devel-linux-x86_64-fedora-clang 0.6.9.11 466.44 NOTE
r-devel-linux-x86_64-fedora-gcc 0.6.9.11 466.07 OK
r-devel-windows-ix86+x86_64 0.6.9.11 324.00 388.00 712.00 OK
r-patched-linux-x86_64 0.6.9.11 147.38 227.24 374.62 OK
r-patched-solaris-x86 0.6.9.11 506.30 OK
r-release-linux-x86_64 0.6.9.11 137.44 227.06 364.50 OK
r-release-windows-ix86+x86_64 0.6.9.11 344.00 379.00 723.00 OK
r-release-osx-x86_64 0.6.9.11 NOTE
r-oldrel-windows-ix86+x86_64 0.6.9.11 278.00 298.00 576.00 OK
r-oldrel-osx-x86_64 0.6.9.11 NOTE

Check Details

Version: 0.6.9.11
Check: installed package size
Result: NOTE
     installed size is 8.5Mb
     sub-directories of 1Mb or more:
     libs 6.8Mb
Flavors: r-devel-linux-x86_64-fedora-clang, r-release-osx-x86_64, r-oldrel-osx-x86_64