CRAN Package Check Results for Package markovchain

Last updated on 2018-11-17 06:46:47 CET.

Flavor Version Tinstall Tcheck Ttotal Status Flags
r-devel-linux-x86_64-debian-clang 0.6.9.12 130.89 232.96 363.85 OK
r-devel-linux-x86_64-debian-gcc 0.6.9.12 115.72 175.73 291.45 OK
r-devel-linux-x86_64-fedora-clang 0.6.9.12 485.66 NOTE
r-devel-linux-x86_64-fedora-gcc 0.6.9.12 454.15 OK
r-devel-windows-ix86+x86_64 0.6.9.12 326.00 419.00 745.00 OK
r-patched-linux-x86_64 0.6.9.12 133.98 227.80 361.78 OK
r-patched-solaris-x86 0.6.9.12 519.30 OK
r-release-linux-x86_64 0.6.9.12 135.09 227.98 363.07 OK
r-release-windows-ix86+x86_64 0.6.9.12 331.00 325.00 656.00 OK
r-release-osx-x86_64 0.6.9.12 NOTE
r-oldrel-windows-ix86+x86_64 0.6.9.11 276.00 414.00 690.00 OK
r-oldrel-osx-x86_64 0.6.9.12 ERROR

Check Details

Version: 0.6.9.12
Check: installed package size
Result: NOTE
     installed size is 8.7Mb
     sub-directories of 1Mb or more:
     libs 7.0Mb
Flavors: r-devel-linux-x86_64-fedora-clang, r-release-osx-x86_64

Version: 0.6.9.12
Check: whether package can be installed
Result: ERROR
    Installation failed.
Flavor: r-oldrel-osx-x86_64