CRAN Package Check Results for Package markovchain

Last updated on 2018-05-23 16:48:11 CEST.

Flavor Version Tinstall Tcheck Ttotal Status Flags
r-devel-linux-x86_64-debian-clang 0.6.9.8-1 123.22 258.48 381.70 OK
r-devel-linux-x86_64-debian-gcc 0.6.9.8-1 108.67 183.19 291.86 NOTE
r-devel-linux-x86_64-fedora-clang 0.6.9.8-1 488.45 NOTE
r-devel-linux-x86_64-fedora-gcc 0.6.9.8-1 471.35 NOTE
r-devel-windows-ix86+x86_64 0.6.9.8-1 256.00 446.00 702.00 OK
r-patched-linux-x86_64 0.6.9.8-1 127.30 232.83 360.13 OK
r-patched-solaris-x86 0.6.9.8-1 500.20 OK
r-release-linux-x86_64 0.6.9.8-1 121.85 229.99 351.84 OK
r-release-windows-ix86+x86_64 0.6.9.8-1 335.00 384.00 719.00 NOTE
r-release-osx-x86_64 0.6.9.8-1 NOTE
r-oldrel-windows-ix86+x86_64 0.6.9.8-1 331.00 400.00 731.00 OK
r-oldrel-osx-x86_64 0.6.9.8-1 NOTE

Additional issues

valgrind

Check Details

Version: 0.6.9.8-1
Check: package dependencies
Result: NOTE
    Package suggested but not available for checking: ‘DiagrammeR’
Flavor: r-devel-linux-x86_64-debian-gcc

Version: 0.6.9.8-1
Check: installed package size
Result: NOTE
     installed size is 9.3Mb
     sub-directories of 1Mb or more:
     doc 1.7Mb
     libs 6.7Mb
Flavors: r-devel-linux-x86_64-fedora-clang, r-devel-linux-x86_64-fedora-gcc, r-release-windows-ix86+x86_64, r-release-osx-x86_64, r-oldrel-osx-x86_64