CRAN Package Check Results for Package marmap

Last updated on 2020-07-05 14:48:22 CEST.

Flavor Version Tinstall Tcheck Ttotal Status Flags
r-devel-linux-x86_64-debian-clang 1.0.4 13.27 170.62 183.89 OK
r-devel-linux-x86_64-debian-gcc 1.0.4 12.39 127.99 140.38 OK
r-devel-linux-x86_64-fedora-clang 1.0.4 229.11 NOTE
r-devel-linux-x86_64-fedora-gcc 1.0.4 224.31 OK
r-devel-windows-ix86+x86_64 1.0.4 44.00 192.00 236.00 OK
r-patched-linux-x86_64 1.0.4 15.27 162.04 177.31 OK
r-patched-solaris-x86 1.0.4 312.60 OK
r-release-linux-x86_64 1.0.4 12.37 164.46 176.83 OK
r-release-osx-x86_64 1.0.4 OK
r-release-windows-ix86+x86_64 1.0.4 30.00 169.00 199.00 OK
r-oldrel-osx-x86_64 1.0.4 OK
r-oldrel-windows-ix86+x86_64 1.0.4 48.00 245.00 293.00 OK

Check Details

Version: 1.0.4
Check: Rd cross-references
Result: NOTE
    Undeclared package ‘maptools’ in Rd xrefs
Flavor: r-devel-linux-x86_64-fedora-clang