CRAN Package Check Results for Package matchmaker

Last updated on 2021-04-14 08:48:22 CEST.

Flavor Version Tinstall Tcheck Ttotal Status Flags
r-devel-linux-x86_64-debian-clang 0.1.1 2.09 32.74 34.83 NOTE
r-devel-linux-x86_64-debian-gcc 0.1.1 1.98 25.86 27.84 NOTE
r-devel-linux-x86_64-fedora-clang 0.1.1 52.08 NOTE
r-devel-linux-x86_64-fedora-gcc 0.1.1 42.19 NOTE
r-devel-windows-ix86+x86_64 0.1.1 6.00 38.00 44.00 NOTE
r-devel-windows-x86_64-gcc10-UCRT 0.1.1 NOTE
r-patched-linux-x86_64 0.1.1 2.33 31.85 34.18 OK
r-patched-solaris-x86 0.1.1 65.20 OK
r-release-linux-x86_64 0.1.1 2.61 31.94 34.55 OK
r-release-macos-x86_64 0.1.1 OK
r-release-windows-ix86+x86_64 0.1.1 5.00 49.00 54.00 OK
r-oldrel-macos-x86_64 0.1.1 OK
r-oldrel-windows-ix86+x86_64 0.1.1 5.00 36.00 41.00 OK

Check Details

Version: 0.1.1
Check: LazyData
Result: NOTE
     'LazyData' is specified without a 'data' directory
Flavors: r-devel-linux-x86_64-debian-clang, r-devel-linux-x86_64-debian-gcc, r-devel-linux-x86_64-fedora-clang, r-devel-linux-x86_64-fedora-gcc, r-devel-windows-ix86+x86_64, r-devel-windows-x86_64-gcc10-UCRT