CRAN Package Check Results for Package matchr

Last updated on 2024-04-24 02:53:04 CEST.

Flavor Version Tinstall Tcheck Ttotal Status Flags
r-devel-linux-x86_64-debian-clang 0.1.0 2.89 32.98 35.87 NOTE
r-devel-linux-x86_64-debian-gcc 0.1.0 2.69 25.21 27.90 NOTE
r-devel-linux-x86_64-fedora-clang 0.1.0 46.23 NOTE
r-devel-linux-x86_64-fedora-gcc 0.1.0 44.13 NOTE
r-prerel-macos-arm64 0.1.0 18.00 NOTE
r-prerel-windows-x86_64 0.1.0 5.00 50.00 55.00 NOTE
r-patched-linux-x86_64 0.1.0 2.82 32.53 35.35 NOTE
r-release-linux-x86_64 0.1.0 3.85 31.85 35.70 OK
r-release-macos-arm64 0.1.0 27.00 OK
r-release-macos-x86_64 0.1.0 26.00 OK
r-release-windows-x86_64 0.1.0 6.00 52.00 58.00 OK
r-oldrel-macos-arm64 0.1.0 18.00 OK
r-oldrel-windows-x86_64 0.1.0 5.00 53.00 58.00 OK

Check Details

Version: 0.1.0
Check: Rd files
Result: NOTE checkRd: (-1) Match.Rd:90: Lost braces; missing escapes or markup? 90 | expression in braces. For example, the condition "{[ab]*}" is equivalent | ^ Flavors: r-devel-linux-x86_64-debian-clang, r-devel-linux-x86_64-debian-gcc, r-devel-linux-x86_64-fedora-clang, r-devel-linux-x86_64-fedora-gcc, r-prerel-macos-arm64, r-prerel-windows-x86_64, r-patched-linux-x86_64