CRAN Package Check Results for Package matrixLaplacian

Last updated on 2023-02-02 19:51:25 CET.

Flavor Version Tinstall Tcheck Ttotal Status Flags
r-devel-linux-x86_64-debian-clang 1.0 1.24 19.94 21.18 NOTE
r-devel-linux-x86_64-debian-gcc 1.0 1.49 15.78 17.27 NOTE
r-devel-linux-x86_64-fedora-clang 1.0 28.29 NOTE
r-devel-linux-x86_64-fedora-gcc 1.0 27.33 NOTE
r-devel-windows-x86_64 1.0 14.00 54.00 68.00 NOTE
r-patched-linux-x86_64 1.0 1.60 20.73 22.33 NOTE
r-release-linux-x86_64 1.0 1.22 21.18 22.40 NOTE
r-release-macos-arm64 1.0 14.00 NOTE
r-release-macos-x86_64 1.0 18.00 NOTE
r-release-windows-x86_64 1.0 10.00 45.00 55.00 NOTE
r-oldrel-macos-arm64 1.0 17.00 NOTE
r-oldrel-macos-x86_64 1.0 23.00 NOTE
r-oldrel-windows-ix86+x86_64 1.0 4.00 47.00 51.00 NOTE

Check Details

Version: 1.0
Check: LazyData
Result: NOTE
     'LazyData' is specified without a 'data' directory
Flavors: r-devel-linux-x86_64-debian-clang, r-devel-linux-x86_64-debian-gcc, r-devel-linux-x86_64-fedora-clang, r-devel-linux-x86_64-fedora-gcc, r-devel-windows-x86_64, r-patched-linux-x86_64, r-release-linux-x86_64, r-release-macos-arm64, r-release-macos-x86_64, r-release-windows-x86_64, r-oldrel-macos-arm64, r-oldrel-macos-x86_64, r-oldrel-windows-ix86+x86_64