Last updated on 2021-04-10 14:48:00 CEST.
Flavor | Version | Tinstall | Tcheck | Ttotal | Status | Flags |
---|---|---|---|---|---|---|
r-devel-linux-x86_64-debian-clang | 0.5.0 | 2.78 | 29.40 | 32.18 | NOTE | |
r-devel-linux-x86_64-debian-gcc | 0.5.0 | 2.13 | 22.43 | 24.56 | NOTE | |
r-devel-linux-x86_64-fedora-clang | 0.5.0 | 45.21 | NOTE | |||
r-devel-linux-x86_64-fedora-gcc | 0.5.0 | 34.46 | NOTE | |||
r-devel-windows-ix86+x86_64 | 0.5.0 | 5.00 | 34.00 | 39.00 | NOTE | |
r-devel-windows-x86_64-gcc10-UCRT | 0.5.0 | NOTE | ||||
r-patched-linux-x86_64 | 0.5.0 | 2.62 | 27.85 | 30.47 | OK | |
r-patched-solaris-x86 | 0.5.0 | 59.00 | OK | |||
r-release-linux-x86_64 | 0.5.0 | 2.76 | 27.81 | 30.57 | OK | |
r-release-macos-x86_64 | 0.5.0 | OK | ||||
r-release-windows-ix86+x86_64 | 0.5.0 | 5.00 | 47.00 | 52.00 | OK | |
r-oldrel-macos-x86_64 | 0.5.0 | OK | ||||
r-oldrel-windows-ix86+x86_64 | 0.5.0 | 5.00 | 38.00 | 43.00 | OK |
Version: 0.5.0
Check: LazyData
Result: NOTE
'LazyData' is specified without a 'data' directory
Flavors: r-devel-linux-x86_64-debian-clang, r-devel-linux-x86_64-debian-gcc, r-devel-linux-x86_64-fedora-clang, r-devel-linux-x86_64-fedora-gcc, r-devel-windows-ix86+x86_64, r-devel-windows-x86_64-gcc10-UCRT