CRAN Package Check Results for Package matrixdist

Last updated on 2022-12-09 11:53:12 CET.

Flavor Version Tinstall Tcheck Ttotal Status Flags
r-devel-linux-x86_64-debian-clang 1.1.6 295.33 93.89 389.22 OK
r-devel-linux-x86_64-debian-gcc 1.1.6 217.76 86.74 304.50 OK
r-devel-linux-x86_64-fedora-clang 1.1.6 593.49 OK
r-devel-linux-x86_64-fedora-gcc 1.1.6 496.13 OK
r-devel-windows-x86_64 1.1.6 331.00 255.00 586.00 OK
r-patched-linux-x86_64 1.1.6 231.58 81.36 312.94 OK
r-release-linux-x86_64 1.1.6 216.73 80.56 297.29 OK
r-release-macos-arm64 1.1.6 117.00 NOTE
r-release-macos-x86_64 1.1.6 140.00 NOTE
r-release-windows-x86_64 1.1.6 363.00 153.00 516.00 OK
r-oldrel-macos-arm64 1.1.3 100.00 NOTE
r-oldrel-macos-x86_64 1.1.3 91.00 NOTE
r-oldrel-windows-ix86+x86_64 1.1.3 337.00 128.00 465.00 OK

Check Details

Version: 1.1.6
Check: installed package size
Result: NOTE
     installed size is 14.8Mb
     sub-directories of 1Mb or more:
     libs 13.8Mb
Flavors: r-release-macos-arm64, r-release-macos-x86_64

Version: 1.1.3
Check: installed package size
Result: NOTE
     installed size is 10.0Mb
     sub-directories of 1Mb or more:
     libs 9.4Mb
Flavors: r-oldrel-macos-arm64, r-oldrel-macos-x86_64