Last updated on 2022-05-17 21:50:51 CEST.
Flavor | Version | Tinstall | Tcheck | Ttotal | Status | Flags |
---|---|---|---|---|---|---|
r-devel-linux-x86_64-debian-clang | 0.1.7 | 120.93 | 49.00 | 169.93 | NOTE | |
r-devel-linux-x86_64-debian-gcc | 0.1.7 | 102.08 | 38.55 | 140.63 | NOTE | |
r-devel-linux-x86_64-fedora-clang | 0.1.7 | 251.69 | NOTE | |||
r-devel-linux-x86_64-fedora-gcc | 0.1.7 | 230.84 | NOTE | |||
r-devel-windows-x86_64 | 0.1.7 | 169.00 | 90.00 | 259.00 | NOTE | |
r-patched-linux-x86_64 | 0.1.7 | 110.64 | 47.69 | 158.33 | NOTE | |
r-release-linux-x86_64 | 0.1.7 | 109.51 | 49.09 | 158.60 | NOTE | |
r-release-macos-arm64 | 0.1.7 | 66.00 | NOTE | |||
r-release-macos-x86_64 | 0.1.7 | 77.00 | NOTE | |||
r-release-windows-x86_64 | 0.1.7 | 143.00 | 92.00 | 235.00 | NOTE | |
r-oldrel-macos-arm64 | 0.1.7 | 83.00 | NOTE | |||
r-oldrel-macos-x86_64 | 0.1.7 | 76.00 | NOTE | |||
r-oldrel-windows-ix86+x86_64 | 0.1.7 | 291.00 | 104.00 | 395.00 | NOTE |
Version: 0.1.7
Check: for GNU extensions in Makefiles
Result: NOTE
GNU make is a SystemRequirements.
Flavors: r-devel-linux-x86_64-debian-clang, r-devel-linux-x86_64-debian-gcc, r-devel-linux-x86_64-fedora-clang, r-devel-linux-x86_64-fedora-gcc, r-devel-windows-x86_64, r-patched-linux-x86_64, r-release-linux-x86_64, r-release-macos-arm64, r-release-macos-x86_64, r-release-windows-x86_64, r-oldrel-macos-arm64, r-oldrel-macos-x86_64, r-oldrel-windows-ix86+x86_64
Version: 0.1.7
Check: installed package size
Result: NOTE
installed size is 5.9Mb
sub-directories of 1Mb or more:
libs 5.7Mb
Flavors: r-devel-linux-x86_64-fedora-clang, r-release-macos-arm64, r-release-macos-x86_64, r-oldrel-macos-arm64, r-oldrel-macos-x86_64