CRAN Package Check Results for Package matsindf

Last updated on 2020-02-24 13:47:19 CET.

Flavor Version Tinstall Tcheck Ttotal Status Flags
r-devel-linux-x86_64-debian-clang 0.3.2 2.44 42.79 45.23 ERROR
r-devel-linux-x86_64-debian-gcc 0.3.2 2.44 32.86 35.30 OK
r-devel-linux-x86_64-fedora-clang 0.3.2 54.89 OK
r-devel-linux-x86_64-fedora-gcc 0.3.2 53.79 OK
r-devel-windows-ix86+x86_64 0.3.2 9.00 53.00 62.00 OK
r-devel-windows-ix86+x86_64-gcc8 0.3.2 16.00 82.00 98.00 OK
r-patched-linux-x86_64 0.3.2 OK
r-patched-solaris-x86 0.3.2 71.20 OK
r-release-linux-x86_64 0.3.2 1.83 37.88 39.71 OK
r-release-windows-ix86+x86_64 0.3.2 7.00 46.00 53.00 OK
r-release-osx-x86_64 0.3.2 OK
r-oldrel-windows-ix86+x86_64 0.3.2 5.00 53.00 58.00 OK
r-oldrel-osx-x86_64 0.3.2 OK

Check Details

Version: 0.3.2
Check: tests
Result: ERROR
     Running 'testthat.R' [6s/7s]
    Running the tests in 'tests/testthat.R' failed.
    Complete output:
     > library(testthat)
     > library(matsindf)
     >
     > test_check("matsindf")
     -- 1. Failure: small example works as expected (@test_collapse.R#59) ----------
     `tidy2` not equal to `tidy`.
     Incompatible type for column `row`: x factor, y character
     Incompatible type for column `col`: x factor, y character
    
     == testthat results ===========================================================
     [ OK: 161 | SKIPPED: 0 | WARNINGS: 0 | FAILED: 1 ]
     1. Failure: small example works as expected (@test_collapse.R#59)
    
     Error: testthat unit tests failed
     Execution halted
Flavor: r-devel-linux-x86_64-debian-clang