CRAN Package Check Results for Package mboost

Last updated on 2018-08-22 04:49:11 CEST.

Flavor Version Tinstall Tcheck Ttotal Status Flags
r-devel-linux-x86_64-debian-clang 2.9-0 10.72 495.56 506.28 WARN
r-devel-linux-x86_64-debian-gcc 2.9-0 11.30 383.56 394.86 WARN
r-devel-linux-x86_64-fedora-clang 2.9-0 625.89 WARN
r-devel-linux-x86_64-fedora-gcc 2.9-0 621.92 WARN
r-devel-windows-ix86+x86_64 2.9-0 21.00 159.00 180.00 WARN --no-vignettes
r-patched-linux-x86_64 2.9-0 12.04 488.81 500.85 OK
r-patched-solaris-x86 2.9-0 800.70 OK
r-release-linux-x86_64 2.9-0 11.91 486.15 498.06 OK
r-release-windows-ix86+x86_64 2.9-0 28.00 145.00 173.00 OK --no-vignettes
r-release-osx-x86_64 2.9-0 OK
r-oldrel-windows-ix86+x86_64 2.9-0 11.00 235.00 246.00 OK --no-vignettes
r-oldrel-osx-x86_64 2.9-0 OK

Check Details

Version: 2.9-0
Check: package subdirectories
Result: WARN
    Problems with news in ‘inst/NEWS.Rd’:
     Malformed NEWS.Rd file:
     Chunk starting
     \itemize{
     \subsection{Base-learners}{
     \itemize{
     \
     contains no \item.
Flavors: r-devel-linux-x86_64-debian-clang, r-devel-linux-x86_64-debian-gcc, r-devel-linux-x86_64-fedora-clang, r-devel-linux-x86_64-fedora-gcc

Version: 2.9-0
Flags: --no-vignettes
Check: package subdirectories
Result: WARN
    Problems with news in 'inst/NEWS.Rd':
     Malformed NEWS.Rd file:
     Chunk starting
     \itemize{
     \subsection{Base-learners}{
     \itemize{
     \
     contains no \item.
Flavor: r-devel-windows-ix86+x86_64