Last updated on 2023-09-29 01:56:09 CEST.
Flavor | Version | Tinstall | Tcheck | Ttotal | Status | Flags |
---|---|---|---|---|---|---|
r-devel-linux-x86_64-debian-clang | 0.4.2 | 17.83 | 152.49 | 170.32 | OK | |
r-devel-linux-x86_64-debian-gcc | 0.4.2 | 11.42 | 109.91 | 121.33 | OK | |
r-devel-linux-x86_64-fedora-clang | 0.4.2 | 199.00 | OK | |||
r-devel-linux-x86_64-fedora-gcc | 0.4.2 | 217.37 | OK | |||
r-devel-windows-x86_64 | 0.4.2 | 16.00 | 120.00 | 136.00 | OK | |
r-patched-linux-x86_64 | 0.4.2 | 18.73 | 141.16 | 159.89 | OK | |
r-release-linux-x86_64 | 0.4.2 | 13.85 | 142.96 | 156.81 | OK | |
r-release-macos-arm64 | 0.4.2 | 65.00 | OK | |||
r-release-macos-x86_64 | 0.4.2 | 107.00 | NOTE | |||
r-release-windows-x86_64 | 0.4.2 | 21.00 | 149.00 | 170.00 | OK | |
r-oldrel-macos-arm64 | 0.4.2 | 53.00 | OK | |||
r-oldrel-macos-x86_64 | 0.4.2 | 72.00 | OK | |||
r-oldrel-windows-x86_64 | 0.4.2 | 22.00 | 140.00 | 162.00 | OK |
Version: 0.4.2
Check: package dependencies
Result: NOTE
Package suggested but not available for checking: ‘xgboost’
Flavor: r-release-macos-x86_64