CRAN Package Check Results for Package mcmcplots

Last updated on 2022-08-15 13:52:03 CEST.

Flavor Version Tinstall Tcheck Ttotal Status Flags
r-devel-linux-x86_64-debian-clang 0.4.3 4.37 45.23 49.60 NOTE
r-devel-linux-x86_64-debian-gcc 0.4.3 3.10 35.60 38.70 NOTE
r-devel-linux-x86_64-fedora-clang 0.4.3 71.05 NOTE
r-devel-linux-x86_64-fedora-gcc 0.4.3 68.53 NOTE
r-devel-windows-x86_64 0.4.3 26.00 77.00 103.00 NOTE
r-patched-linux-x86_64 0.4.3 4.81 43.30 48.11 NOTE
r-release-linux-x86_64 0.4.3 3.99 44.72 48.71 NOTE
r-release-macos-arm64 0.4.3 20.00 NOTE
r-release-macos-x86_64 0.4.3 31.00 NOTE
r-release-windows-x86_64 0.4.3 23.00 77.00 100.00 NOTE
r-oldrel-macos-arm64 0.4.3 23.00 NOTE
r-oldrel-macos-x86_64 0.4.3 41.00 NOTE
r-oldrel-windows-ix86+x86_64 0.4.3 8.00 71.00 79.00 NOTE

Check Details

Version: 0.4.3
Check: LazyData
Result: NOTE
     'LazyData' is specified without a 'data' directory
Flavors: r-devel-linux-x86_64-debian-clang, r-devel-linux-x86_64-debian-gcc, r-devel-linux-x86_64-fedora-clang, r-devel-linux-x86_64-fedora-gcc, r-devel-windows-x86_64, r-patched-linux-x86_64, r-release-linux-x86_64, r-release-macos-arm64, r-release-macos-x86_64, r-release-windows-x86_64, r-oldrel-macos-arm64, r-oldrel-macos-x86_64, r-oldrel-windows-ix86+x86_64