CRAN Package Check Results for Package mcmcr

Last updated on 2021-01-25 01:46:55 CET.

Flavor Version Tinstall Tcheck Ttotal Status Flags
r-devel-linux-x86_64-debian-clang 0.4.0 5.99 68.78 74.77 OK
r-devel-linux-x86_64-debian-gcc 0.4.0 4.39 52.16 56.55 OK
r-devel-linux-x86_64-fedora-clang 0.4.0 95.25 NOTE
r-devel-linux-x86_64-fedora-gcc 0.4.0 88.57 OK
r-devel-windows-ix86+x86_64 0.4.0 11.00 94.00 105.00 OK
r-patched-linux-x86_64 0.4.0 5.56 67.03 72.59 OK
r-patched-solaris-x86 0.4.0 112.50 OK
r-release-linux-x86_64 0.4.0 4.14 68.00 72.14 OK
r-release-macos-x86_64 0.4.0 OK
r-release-windows-ix86+x86_64 0.4.0 33.00 94.00 127.00 OK
r-oldrel-macos-x86_64 0.4.0 OK
r-oldrel-windows-ix86+x86_64 0.4.0 8.00 97.00 105.00 OK

Check Details

Version: 0.4.0
Check: Rd cross-references
Result: NOTE
    Undeclared package ‘generics’ in Rd xrefs
Flavor: r-devel-linux-x86_64-fedora-clang