Last updated on 2021-01-25 01:46:55 CET.
Flavor | Version | Tinstall | Tcheck | Ttotal | Status | Flags |
---|---|---|---|---|---|---|
r-devel-linux-x86_64-debian-clang | 0.6.0 | 101.72 | 266.94 | 368.66 | OK | |
r-devel-linux-x86_64-debian-gcc | 0.6.0 | 75.34 | 200.93 | 276.27 | OK | |
r-devel-linux-x86_64-fedora-clang | 0.6.0 | 472.05 | NOTE | |||
r-devel-linux-x86_64-fedora-gcc | 0.6.0 | 480.84 | OK | |||
r-devel-windows-ix86+x86_64 | 0.6.0 | 227.00 | 453.00 | 680.00 | OK | |
r-patched-linux-x86_64 | 0.6.0 | 91.51 | 253.98 | 345.49 | OK | |
r-patched-solaris-x86 | 0.6.0 | 517.10 | OK | |||
r-release-linux-x86_64 | 0.6.0 | 87.85 | 253.76 | 341.61 | OK | |
r-release-macos-x86_64 | 0.6.0 | NOTE | ||||
r-release-windows-ix86+x86_64 | 0.6.0 | 225.00 | 437.00 | 662.00 | OK | |
r-oldrel-macos-x86_64 | 0.6.0 | NOTE | ||||
r-oldrel-windows-ix86+x86_64 | 0.6.0 | 149.00 | 397.00 | 546.00 | OK |
Version: 0.6.0
Check: installed package size
Result: NOTE
installed size is 14.0Mb
sub-directories of 1Mb or more:
libs 12.6Mb
Flavors: r-devel-linux-x86_64-fedora-clang, r-release-macos-x86_64, r-oldrel-macos-x86_64