CRAN Package Check Results for Package mcompanion

Last updated on 2020-02-20 21:47:32 CET.

Flavor Version Tinstall Tcheck Ttotal Status Flags
r-devel-linux-x86_64-debian-clang 0.5-2 10.27 84.47 94.74 OK
r-devel-linux-x86_64-debian-gcc 0.5-3 9.95 64.57 74.52 OK
r-devel-linux-x86_64-fedora-clang 0.5-3 116.42 OK
r-devel-linux-x86_64-fedora-gcc 0.5-3 112.77 OK
r-devel-windows-ix86+x86_64 0.5-2 20.00 95.00 115.00 OK
r-devel-windows-ix86+x86_64-gcc8 0.5-3 29.00 143.00 172.00 OK
r-patched-linux-x86_64 0.5-2 10.10 73.22 83.32 OK
r-patched-solaris-x86 0.5-3 155.80 OK
r-release-linux-x86_64 0.5-3 10.86 73.54 84.40 OK
r-release-windows-ix86+x86_64 0.5-2 19.00 96.00 115.00 OK
r-release-osx-x86_64 0.5-2 OK
r-oldrel-windows-ix86+x86_64 0.5-3 3.00 7.00 10.00 ERROR
r-oldrel-osx-x86_64 0.5-2 ERROR

Check Details

Version: 0.5-3
Check: whether package can be installed
Result: ERROR
    Installation failed.
Flavor: r-oldrel-windows-ix86+x86_64

Version: 0.5-2
Check: PDF version of manual
Result: ERROR
    Rd conversion errors:
    Error in if (isBlankLineRd(x)) "\n" else if (identical(start, 1L)) psub("^\\s+", :
     missing value where TRUE/FALSE needed
Flavor: r-oldrel-osx-x86_64