Last updated on 2023-12-06 07:50:20 CET.
Flavor | Version | Tinstall | Tcheck | Ttotal | Status | Flags |
---|---|---|---|---|---|---|
r-devel-linux-x86_64-debian-clang | 0.3.2 | 2.78 | 84.47 | 87.25 | NOTE | |
r-devel-linux-x86_64-debian-gcc | 0.3.2 | 2.18 | 60.63 | 62.81 | NOTE | |
r-devel-linux-x86_64-fedora-clang | 0.3.2 | 105.73 | NOTE | |||
r-devel-linux-x86_64-fedora-gcc | 0.3.2 | 114.19 | NOTE | |||
r-devel-windows-x86_64 | 0.3.2 | 4.00 | 79.00 | 83.00 | NOTE | |
r-patched-linux-x86_64 | 0.3.2 | 1.84 | 87.68 | 89.52 | NOTE | |
r-release-linux-x86_64 | 0.3.2 | 1.80 | 85.55 | 87.35 | NOTE | |
r-release-macos-arm64 | 0.3.2 | 46.00 | NOTE | |||
r-release-macos-x86_64 | 0.3.2 | 72.00 | NOTE | |||
r-release-windows-x86_64 | 0.3.2 | 5.00 | 95.00 | 100.00 | NOTE | |
r-oldrel-macos-arm64 | 0.3.2 | 35.00 | OK | |||
r-oldrel-macos-x86_64 | 0.3.2 | 69.00 | OK | |||
r-oldrel-windows-x86_64 | 0.3.2 | 5.00 | 101.00 | 106.00 | OK |
Version: 0.3.2
Check: package subdirectories
Result: NOTE
Problems with news in ‘NEWS.md’:
Cannot extract version info from the following section titles:
Initial version.
Flavors: r-devel-linux-x86_64-debian-clang, r-devel-linux-x86_64-debian-gcc, r-devel-linux-x86_64-fedora-clang, r-devel-linux-x86_64-fedora-gcc, r-devel-windows-x86_64, r-patched-linux-x86_64, r-release-linux-x86_64, r-release-macos-arm64, r-release-macos-x86_64, r-release-windows-x86_64