CRAN Package Check Results for Package mdbr

Last updated on 2022-08-09 21:52:49 CEST.

Flavor Version Tinstall Tcheck Ttotal Status Flags
r-devel-linux-x86_64-debian-clang 0.1.2 5.26 40.99 46.25 NOTE
r-devel-linux-x86_64-debian-gcc 0.1.2 2.92 31.49 34.41 NOTE
r-devel-linux-x86_64-fedora-clang 0.1.2 64.16 NOTE
r-devel-linux-x86_64-fedora-gcc 0.1.2 62.13 NOTE
r-devel-windows-x86_64 0.1.2 9.00 64.00 73.00 NOTE
r-patched-linux-x86_64 0.1.2 4.75 38.74 43.49 NOTE
r-release-linux-x86_64 0.1.2 NOTE
r-release-macos-arm64 0.1.2 20.00 NOTE
r-release-macos-x86_64 0.1.2 43.00 NOTE
r-release-windows-x86_64 0.1.2 12.00 66.00 78.00 NOTE
r-oldrel-macos-arm64 0.1.2 21.00 NOTE
r-oldrel-macos-x86_64 0.1.2 29.00 NOTE
r-oldrel-windows-ix86+x86_64 0.1.2 11.00 60.00 71.00 NOTE

Check Details

Version: 0.1.2
Check: LazyData
Result: NOTE
     'LazyData' is specified without a 'data' directory
Flavors: r-devel-linux-x86_64-debian-clang, r-devel-linux-x86_64-debian-gcc, r-devel-linux-x86_64-fedora-clang, r-devel-linux-x86_64-fedora-gcc, r-devel-windows-x86_64, r-patched-linux-x86_64, r-release-linux-x86_64, r-release-macos-arm64, r-release-macos-x86_64, r-release-windows-x86_64, r-oldrel-macos-arm64, r-oldrel-macos-x86_64, r-oldrel-windows-ix86+x86_64